{"id":5937,"date":"2025-02-02T13:51:01","date_gmt":"2025-02-02T12:51:01","guid":{"rendered":"http:\/\/www.solucionesparaladiabetes.com\/magazine-diabetes\/?post_type=tribe_events&#038;p=5937"},"modified":"2025-02-11T11:51:45","modified_gmt":"2025-02-11T10:51:45","slug":"dia-internacional-del-deporte-para-el-desarrollo-y-la-paz","status":"publish","type":"tribe_events","link":"https:\/\/www.solucionesparaladiabetes.com\/magazine-diabetes\/evento\/dia-internacional-del-deporte-para-el-desarrollo-y-la-paz\/","title":{"rendered":"D\u00eda Internacional del Deporte para el Desarrollo y la Paz"},"content":{"rendered":"<p>El d\u00eda 6 de abril se conmemora en todo el mundo el D\u00eda del Deporte para el Desarrollo y la Paz, seg\u00fan la UNESCO, su principal objetivo es:<\/p>\n<blockquote><p>\u201cConcienciar acerca del papel que el deporte puede desempe\u00f1ar en la promoci\u00f3n de los derechos humanos y el desarrollo econ\u00f3mico y social\u201d.<\/p><\/blockquote>\n<p>&nbsp;<\/p>\n","protected":false},"excerpt":{"rendered":"<p>El d\u00eda 6 de abril se conmemora en todo el mundo el D\u00eda del Deporte para el Desarrollo y la Paz, seg\u00fan la UNESCO, su principal objetivo es: \u201cConcienciar acerca [&hellip;]<\/p>\n","protected":false},"author":19,"featured_media":5942,"template":"","meta":{"_acf_changed":false,"_monsterinsights_skip_tracking":false,"_monsterinsights_sitenote_active":false,"_monsterinsights_sitenote_note":"","_monsterinsights_sitenote_category":0,"_tribe_events_status":"","_tribe_events_status_reason":"","footnotes":""},"tags":[140,585,342,584],"tribe_events_cat":[94,96],"class_list":["post-5937","tribe_events","type-tribe_events","status-publish","has-post-thumbnail","hentry","tag-deporte","tag-dia-internacional-del-deporte-para-el-desarrollo-y-la-paz","tag-dia-mundial","tag-paz","tribe_events_cat-eventos","tribe_events_cat-eventos-destacados","cat_eventos","cat_eventos-destacados"],"acf":[],"yoast_head":"<!-- This site is optimized with the Yoast SEO plugin v27.5 - https:\/\/yoast.com\/product\/yoast-seo-wordpress\/ -->\n<title>D\u00eda Internacional del Deporte para el Desarrollo y la Paz - iMagazine - Soluciones para la Diabetes<\/title>\n<meta name=\"robots\" content=\"index, follow, max-snippet:-1, max-image-preview:large, max-video-preview:-1\" \/>\n<link rel=\"canonical\" href=\"https:\/\/www.solucionesparaladiabetes.com\/magazine-diabetes\/evento\/dia-internacional-del-deporte-para-el-desarrollo-y-la-paz\/\" \/>\n<meta property=\"og:locale\" content=\"es_ES\" \/>\n<meta property=\"og:type\" content=\"article\" \/>\n<meta property=\"og:title\" content=\"D\u00eda Internacional del Deporte para el Desarrollo y la Paz - iMagazine - Soluciones para la Diabetes\" \/>\n<meta property=\"og:description\" content=\"El d\u00eda 6 de abril se conmemora en todo el mundo el D\u00eda del Deporte para el Desarrollo y la Paz, seg\u00fan la UNESCO, su principal objetivo es: \u201cConcienciar acerca [&hellip;]\" \/>\n<meta property=\"og:url\" content=\"https:\/\/www.solucionesparaladiabetes.com\/magazine-diabetes\/evento\/dia-internacional-del-deporte-para-el-desarrollo-y-la-paz\/\" \/>\n<meta property=\"og:site_name\" content=\"Soluciones para la Diabetes\" \/>\n<meta property=\"article:modified_time\" content=\"2025-02-11T10:51:45+00:00\" \/>\n<meta property=\"og:image\" content=\"http:\/\/www.solucionesparaladiabetes.com\/magazine-diabetes\/wp-content\/uploads\/Manos_mapa.jpg\" \/>\n\t<meta property=\"og:image:width\" content=\"1280\" \/>\n\t<meta property=\"og:image:height\" content=\"833\" \/>\n\t<meta property=\"og:image:type\" content=\"image\/jpeg\" \/>\n<meta name=\"twitter:card\" content=\"summary_large_image\" \/>\n<meta name=\"twitter:site\" content=\"@soluciondiabete\" \/>\n<meta name=\"twitter:label1\" content=\"Tiempo de lectura\" \/>\n\t<meta name=\"twitter:data1\" content=\"1 minuto\" \/>\n<script type=\"application\/ld+json\" class=\"yoast-schema-graph\">{\"@context\":\"https:\\\/\\\/schema.org\",\"@graph\":[{\"@type\":\"WebPage\",\"@id\":\"https:\\\/\\\/www.solucionesparaladiabetes.com\\\/magazine-diabetes\\\/evento\\\/dia-internacional-del-deporte-para-el-desarrollo-y-la-paz\\\/\",\"url\":\"https:\\\/\\\/www.solucionesparaladiabetes.com\\\/magazine-diabetes\\\/evento\\\/dia-internacional-del-deporte-para-el-desarrollo-y-la-paz\\\/\",\"name\":\"D\u00eda Internacional del Deporte para el Desarrollo y la Paz - iMagazine - Soluciones para la Diabetes\",\"isPartOf\":{\"@id\":\"https:\\\/\\\/www.solucionesparaladiabetes.com\\\/magazine-diabetes\\\/#website\"},\"primaryImageOfPage\":{\"@id\":\"https:\\\/\\\/www.solucionesparaladiabetes.com\\\/magazine-diabetes\\\/evento\\\/dia-internacional-del-deporte-para-el-desarrollo-y-la-paz\\\/#primaryimage\"},\"image\":{\"@id\":\"https:\\\/\\\/www.solucionesparaladiabetes.com\\\/magazine-diabetes\\\/evento\\\/dia-internacional-del-deporte-para-el-desarrollo-y-la-paz\\\/#primaryimage\"},\"thumbnailUrl\":\"https:\\\/\\\/www.solucionesparaladiabetes.com\\\/magazine-diabetes\\\/wp-content\\\/uploads\\\/Manos_mapa.jpg\",\"datePublished\":\"2025-02-02T12:51:01+00:00\",\"dateModified\":\"2025-02-11T10:51:45+00:00\",\"breadcrumb\":{\"@id\":\"https:\\\/\\\/www.solucionesparaladiabetes.com\\\/magazine-diabetes\\\/evento\\\/dia-internacional-del-deporte-para-el-desarrollo-y-la-paz\\\/#breadcrumb\"},\"inLanguage\":\"es\",\"potentialAction\":[{\"@type\":\"ReadAction\",\"target\":[\"https:\\\/\\\/www.solucionesparaladiabetes.com\\\/magazine-diabetes\\\/evento\\\/dia-internacional-del-deporte-para-el-desarrollo-y-la-paz\\\/\"]}]},{\"@type\":\"ImageObject\",\"inLanguage\":\"es\",\"@id\":\"https:\\\/\\\/www.solucionesparaladiabetes.com\\\/magazine-diabetes\\\/evento\\\/dia-internacional-del-deporte-para-el-desarrollo-y-la-paz\\\/#primaryimage\",\"url\":\"https:\\\/\\\/www.solucionesparaladiabetes.com\\\/magazine-diabetes\\\/wp-content\\\/uploads\\\/Manos_mapa.jpg\",\"contentUrl\":\"https:\\\/\\\/www.solucionesparaladiabetes.com\\\/magazine-diabetes\\\/wp-content\\\/uploads\\\/Manos_mapa.jpg\",\"width\":1280,\"height\":833,\"caption\":\"Paz en el mundo\"},{\"@type\":\"BreadcrumbList\",\"@id\":\"https:\\\/\\\/www.solucionesparaladiabetes.com\\\/magazine-diabetes\\\/evento\\\/dia-internacional-del-deporte-para-el-desarrollo-y-la-paz\\\/#breadcrumb\",\"itemListElement\":[{\"@type\":\"ListItem\",\"position\":1,\"name\":\"Portada\",\"item\":\"https:\\\/\\\/www.solucionesparaladiabetes.com\\\/magazine-diabetes\\\/\"},{\"@type\":\"ListItem\",\"position\":2,\"name\":\"Eventos\",\"item\":\"https:\\\/\\\/www.solucionesparaladiabetes.com\\\/magazine-diabetes\\\/eventos\\\/\"},{\"@type\":\"ListItem\",\"position\":3,\"name\":\"D\u00eda Internacional del Deporte para el Desarrollo y la Paz\"}]},{\"@type\":\"WebSite\",\"@id\":\"https:\\\/\\\/www.solucionesparaladiabetes.com\\\/magazine-diabetes\\\/#website\",\"url\":\"https:\\\/\\\/www.solucionesparaladiabetes.com\\\/magazine-diabetes\\\/\",\"name\":\"Soluciones para la Diabetes\",\"description\":\"iMagazine\",\"potentialAction\":[{\"@type\":\"SearchAction\",\"target\":{\"@type\":\"EntryPoint\",\"urlTemplate\":\"https:\\\/\\\/www.solucionesparaladiabetes.com\\\/magazine-diabetes\\\/?s={search_term_string}\"},\"query-input\":{\"@type\":\"PropertyValueSpecification\",\"valueRequired\":true,\"valueName\":\"search_term_string\"}}],\"inLanguage\":\"es\"}]}<\/script>\n<!-- \/ Yoast SEO plugin. -->","yoast_head_json":{"title":"D\u00eda Internacional del Deporte para el Desarrollo y la Paz - iMagazine - Soluciones para la Diabetes","robots":{"index":"index","follow":"follow","max-snippet":"max-snippet:-1","max-image-preview":"max-image-preview:large","max-video-preview":"max-video-preview:-1"},"canonical":"https:\/\/www.solucionesparaladiabetes.com\/magazine-diabetes\/evento\/dia-internacional-del-deporte-para-el-desarrollo-y-la-paz\/","og_locale":"es_ES","og_type":"article","og_title":"D\u00eda Internacional del Deporte para el Desarrollo y la Paz - iMagazine - Soluciones para la Diabetes","og_description":"El d\u00eda 6 de abril se conmemora en todo el mundo el D\u00eda del Deporte para el Desarrollo y la Paz, seg\u00fan la UNESCO, su principal objetivo es: \u201cConcienciar acerca [&hellip;]","og_url":"https:\/\/www.solucionesparaladiabetes.com\/magazine-diabetes\/evento\/dia-internacional-del-deporte-para-el-desarrollo-y-la-paz\/","og_site_name":"Soluciones para la Diabetes","article_modified_time":"2025-02-11T10:51:45+00:00","og_image":[{"width":1280,"height":833,"url":"http:\/\/www.solucionesparaladiabetes.com\/magazine-diabetes\/wp-content\/uploads\/Manos_mapa.jpg","type":"image\/jpeg"}],"twitter_card":"summary_large_image","twitter_site":"@soluciondiabete","twitter_misc":{"Tiempo de lectura":"1 minuto"},"schema":{"@context":"https:\/\/schema.org","@graph":[{"@type":"WebPage","@id":"https:\/\/www.solucionesparaladiabetes.com\/magazine-diabetes\/evento\/dia-internacional-del-deporte-para-el-desarrollo-y-la-paz\/","url":"https:\/\/www.solucionesparaladiabetes.com\/magazine-diabetes\/evento\/dia-internacional-del-deporte-para-el-desarrollo-y-la-paz\/","name":"D\u00eda Internacional del Deporte para el Desarrollo y la Paz - iMagazine - Soluciones para la Diabetes","isPartOf":{"@id":"https:\/\/www.solucionesparaladiabetes.com\/magazine-diabetes\/#website"},"primaryImageOfPage":{"@id":"https:\/\/www.solucionesparaladiabetes.com\/magazine-diabetes\/evento\/dia-internacional-del-deporte-para-el-desarrollo-y-la-paz\/#primaryimage"},"image":{"@id":"https:\/\/www.solucionesparaladiabetes.com\/magazine-diabetes\/evento\/dia-internacional-del-deporte-para-el-desarrollo-y-la-paz\/#primaryimage"},"thumbnailUrl":"https:\/\/www.solucionesparaladiabetes.com\/magazine-diabetes\/wp-content\/uploads\/Manos_mapa.jpg","datePublished":"2025-02-02T12:51:01+00:00","dateModified":"2025-02-11T10:51:45+00:00","breadcrumb":{"@id":"https:\/\/www.solucionesparaladiabetes.com\/magazine-diabetes\/evento\/dia-internacional-del-deporte-para-el-desarrollo-y-la-paz\/#breadcrumb"},"inLanguage":"es","potentialAction":[{"@type":"ReadAction","target":["https:\/\/www.solucionesparaladiabetes.com\/magazine-diabetes\/evento\/dia-internacional-del-deporte-para-el-desarrollo-y-la-paz\/"]}]},{"@type":"ImageObject","inLanguage":"es","@id":"https:\/\/www.solucionesparaladiabetes.com\/magazine-diabetes\/evento\/dia-internacional-del-deporte-para-el-desarrollo-y-la-paz\/#primaryimage","url":"https:\/\/www.solucionesparaladiabetes.com\/magazine-diabetes\/wp-content\/uploads\/Manos_mapa.jpg","contentUrl":"https:\/\/www.solucionesparaladiabetes.com\/magazine-diabetes\/wp-content\/uploads\/Manos_mapa.jpg","width":1280,"height":833,"caption":"Paz en el mundo"},{"@type":"BreadcrumbList","@id":"https:\/\/www.solucionesparaladiabetes.com\/magazine-diabetes\/evento\/dia-internacional-del-deporte-para-el-desarrollo-y-la-paz\/#breadcrumb","itemListElement":[{"@type":"ListItem","position":1,"name":"Portada","item":"https:\/\/www.solucionesparaladiabetes.com\/magazine-diabetes\/"},{"@type":"ListItem","position":2,"name":"Eventos","item":"https:\/\/www.solucionesparaladiabetes.com\/magazine-diabetes\/eventos\/"},{"@type":"ListItem","position":3,"name":"D\u00eda Internacional del Deporte para el Desarrollo y la Paz"}]},{"@type":"WebSite","@id":"https:\/\/www.solucionesparaladiabetes.com\/magazine-diabetes\/#website","url":"https:\/\/www.solucionesparaladiabetes.com\/magazine-diabetes\/","name":"Soluciones para la Diabetes","description":"iMagazine","potentialAction":[{"@type":"SearchAction","target":{"@type":"EntryPoint","urlTemplate":"https:\/\/www.solucionesparaladiabetes.com\/magazine-diabetes\/?s={search_term_string}"},"query-input":{"@type":"PropertyValueSpecification","valueRequired":true,"valueName":"search_term_string"}}],"inLanguage":"es"}]}},"_links":{"self":[{"href":"https:\/\/www.solucionesparaladiabetes.com\/magazine-diabetes\/wp-json\/wp\/v2\/tribe_events\/5937","targetHints":{"allow":["GET"]}}],"collection":[{"href":"https:\/\/www.solucionesparaladiabetes.com\/magazine-diabetes\/wp-json\/wp\/v2\/tribe_events"}],"about":[{"href":"https:\/\/www.solucionesparaladiabetes.com\/magazine-diabetes\/wp-json\/wp\/v2\/types\/tribe_events"}],"author":[{"embeddable":true,"href":"https:\/\/www.solucionesparaladiabetes.com\/magazine-diabetes\/wp-json\/wp\/v2\/users\/19"}],"version-history":[{"count":3,"href":"https:\/\/www.solucionesparaladiabetes.com\/magazine-diabetes\/wp-json\/wp\/v2\/tribe_events\/5937\/revisions"}],"predecessor-version":[{"id":13456,"href":"https:\/\/www.solucionesparaladiabetes.com\/magazine-diabetes\/wp-json\/wp\/v2\/tribe_events\/5937\/revisions\/13456"}],"wp:featuredmedia":[{"embeddable":true,"href":"https:\/\/www.solucionesparaladiabetes.com\/magazine-diabetes\/wp-json\/wp\/v2\/media\/5942"}],"wp:attachment":[{"href":"https:\/\/www.solucionesparaladiabetes.com\/magazine-diabetes\/wp-json\/wp\/v2\/media?parent=5937"}],"wp:term":[{"taxonomy":"post_tag","embeddable":true,"href":"https:\/\/www.solucionesparaladiabetes.com\/magazine-diabetes\/wp-json\/wp\/v2\/tags?post=5937"},{"taxonomy":"tribe_events_cat","embeddable":true,"href":"https:\/\/www.solucionesparaladiabetes.com\/magazine-diabetes\/wp-json\/wp\/v2\/tribe_events_cat?post=5937"}],"curies":[{"name":"wp","href":"https:\/\/api.w.org\/{rel}","templated":true}]}}

Día Internacional del Deporte para el Desarrollo y la Paz

<p>El día 6 de abril se conmemora en todo el mundo el Día del Deporte para el Desarrollo y la Paz, según la UNESCO, su principal objetivo es:</p>
<blockquote><p>“Concienciar acerca del papel que el deporte puede desempeñar en la promoción de los derechos humanos y el desarrollo económico y social”.</p></blockquote>
<p>&nbsp;</p>

<p>El día 6 de abril se conmemora en todo el mundo el Día del Deporte para el Desarrollo y la Paz, según la UNESCO, su principal objetivo es: “Concienciar acerca [&hellip;]</p>

<!-- This site is optimized with the Yoast SEO plugin v27.5 - https://yoast.com/product/yoast-seo-wordpress/ -->
<title>Día Internacional del Deporte para el Desarrollo y la Paz - iMagazine - Soluciones para la Diabetes</title>
<meta name="robots" content="index, follow, max-snippet:-1, max-image-preview:large, max-video-preview:-1" />
<link rel="canonical" href="https://www.solucionesparaladiabetes.com/magazine-diabetes/evento/dia-internacional-del-deporte-para-el-desarrollo-y-la-paz/" />
<meta property="og:locale" content="es_ES" />
<meta property="og:type" content="article" />
<meta property="og:title" content="Día Internacional del Deporte para el Desarrollo y la Paz - iMagazine - Soluciones para la Diabetes" />
<meta property="og:description" content="El día 6 de abril se conmemora en todo el mundo el Día del Deporte para el Desarrollo y la Paz, según la UNESCO, su principal objetivo es: “Concienciar acerca [&hellip;]" />
<meta property="og:url" content="https://www.solucionesparaladiabetes.com/magazine-diabetes/evento/dia-internacional-del-deporte-para-el-desarrollo-y-la-paz/" />
<meta property="og:site_name" content="Soluciones para la Diabetes" />
<meta property="article:modified_time" content="2025-02-11T10:51:45+00:00" />
<meta property="og:image" content="http://www.solucionesparaladiabetes.com/magazine-diabetes/wp-content/uploads/Manos_mapa.jpg" />
	<meta property="og:image:width" content="1280" />
	<meta property="og:image:height" content="833" />
	<meta property="og:image:type" content="image/jpeg" />
<meta name="twitter:card" content="summary_large_image" />
<meta name="twitter:site" content="@soluciondiabete" />
<meta name="twitter:label1" content="Tiempo de lectura" />
	<meta name="twitter:data1" content="1 minuto" />
<script type="application/ld+json" class="yoast-schema-graph">{"@context":"https:\/\/schema.org","@graph":[{"@type":"WebPage","@id":"https:\/\/www.solucionesparaladiabetes.com\/magazine-diabetes\/evento\/dia-internacional-del-deporte-para-el-desarrollo-y-la-paz\/","url":"https:\/\/www.solucionesparaladiabetes.com\/magazine-diabetes\/evento\/dia-internacional-del-deporte-para-el-desarrollo-y-la-paz\/","name":"Día Internacional del Deporte para el Desarrollo y la Paz - iMagazine - Soluciones para la Diabetes","isPartOf":{"@id":"https:\/\/www.solucionesparaladiabetes.com\/magazine-diabetes\/#website"},"primaryImageOfPage":{"@id":"https:\/\/www.solucionesparaladiabetes.com\/magazine-diabetes\/evento\/dia-internacional-del-deporte-para-el-desarrollo-y-la-paz\/#primaryimage"},"image":{"@id":"https:\/\/www.solucionesparaladiabetes.com\/magazine-diabetes\/evento\/dia-internacional-del-deporte-para-el-desarrollo-y-la-paz\/#primaryimage"},"thumbnailUrl":"https:\/\/www.solucionesparaladiabetes.com\/magazine-diabetes\/wp-content\/uploads\/Manos_mapa.jpg","datePublished":"2025-02-02T12:51:01+00:00","dateModified":"2025-02-11T10:51:45+00:00","breadcrumb":{"@id":"https:\/\/www.solucionesparaladiabetes.com\/magazine-diabetes\/evento\/dia-internacional-del-deporte-para-el-desarrollo-y-la-paz\/#breadcrumb"},"inLanguage":"es","potentialAction":[{"@type":"ReadAction","target":["https:\/\/www.solucionesparaladiabetes.com\/magazine-diabetes\/evento\/dia-internacional-del-deporte-para-el-desarrollo-y-la-paz\/"]}]},{"@type":"ImageObject","inLanguage":"es","@id":"https:\/\/www.solucionesparaladiabetes.com\/magazine-diabetes\/evento\/dia-internacional-del-deporte-para-el-desarrollo-y-la-paz\/#primaryimage","url":"https:\/\/www.solucionesparaladiabetes.com\/magazine-diabetes\/wp-content\/uploads\/Manos_mapa.jpg","contentUrl":"https:\/\/www.solucionesparaladiabetes.com\/magazine-diabetes\/wp-content\/uploads\/Manos_mapa.jpg","width":1280,"height":833,"caption":"Paz en el mundo"},{"@type":"BreadcrumbList","@id":"https:\/\/www.solucionesparaladiabetes.com\/magazine-diabetes\/evento\/dia-internacional-del-deporte-para-el-desarrollo-y-la-paz\/#breadcrumb","itemListElement":[{"@type":"ListItem","position":1,"name":"Portada","item":"https:\/\/www.solucionesparaladiabetes.com\/magazine-diabetes\/"},{"@type":"ListItem","position":2,"name":"Eventos","item":"https:\/\/www.solucionesparaladiabetes.com\/magazine-diabetes\/eventos\/"},{"@type":"ListItem","position":3,"name":"Día Internacional del Deporte para el Desarrollo y la Paz"}]},{"@type":"WebSite","@id":"https:\/\/www.solucionesparaladiabetes.com\/magazine-diabetes\/#website","url":"https:\/\/www.solucionesparaladiabetes.com\/magazine-diabetes\/","name":"Soluciones para la Diabetes","description":"iMagazine","potentialAction":[{"@type":"SearchAction","target":{"@type":"EntryPoint","urlTemplate":"https:\/\/www.solucionesparaladiabetes.com\/magazine-diabetes\/?s={search_term_string}"},"query-input":{"@type":"PropertyValueSpecification","valueRequired":true,"valueName":"search_term_string"}}],"inLanguage":"es"}]}</script>
<!-- / Yoast SEO plugin. -->

Día Internacional del Deporte para el Desarrollo y la Paz - iMagazine - Soluciones para la Diabetes

El día 6 de abril se conmemora en todo el mundo el Día del Deporte para el Desarrollo y la Paz, según la UNESCO, su principal objetivo es: “Concienciar acerca [&hellip;]
