{"id":13867,"date":"2025-02-11T12:57:57","date_gmt":"2025-02-11T11:57:57","guid":{"rendered":"https:\/\/www.solucionesparaladiabetes.com\/magazine-diabetes\/?post_type=tribe_events&#038;p=13867"},"modified":"2025-02-11T12:57:57","modified_gmt":"2025-02-11T11:57:57","slug":"xxxvi-congreso-de-la-sed","status":"publish","type":"tribe_events","link":"https:\/\/www.solucionesparaladiabetes.com\/magazine-diabetes\/evento\/xxxvi-congreso-de-la-sed\/","title":{"rendered":"XXXVI Congreso de la SED"},"content":{"rendered":"<p>La Sociedad Espa\u00f1ola de Diabetes celebra su 34\u00ba Congreso nacional en\u00a0<strong>Coru\u00f1a<\/strong>.\u00a0El Congreso de la SED est\u00e1 preparando un programa cient\u00edfico inspirador con numerosas sesiones y conferencias que examinan y discuten todos los temas cruciales en diabetes, con el deseo de transmitir la presente revoluci\u00f3n cient\u00edfica y tecnol\u00f3gica. El congreso reunir\u00e1 a m\u00e1s de 1.500 cient\u00edficos, investigadores, profesionales, desarrolladores de dispositivos y proveedores de atenci\u00f3n m\u00e9dica de toda Espa\u00f1a para compartir juntos una experiencia inolvidable.<\/p>\n","protected":false},"excerpt":{"rendered":"<p>La Sociedad Espa\u00f1ola de Diabetes celebra su 34\u00ba Congreso nacional en\u00a0Coru\u00f1a.\u00a0El Congreso de la SED est\u00e1 preparando un programa cient\u00edfico inspirador con numerosas sesiones y conferencias que examinan y discuten [&hellip;]<\/p>\n","protected":false},"author":19,"featured_media":13869,"template":"","meta":{"_acf_changed":false,"_monsterinsights_skip_tracking":false,"_monsterinsights_sitenote_active":false,"_monsterinsights_sitenote_note":"","_monsterinsights_sitenote_category":0,"_tribe_events_status":"","_tribe_events_status_reason":"","footnotes":""},"tags":[1461],"tribe_events_cat":[94,96],"class_list":["post-13867","tribe_events","type-tribe_events","status-publish","has-post-thumbnail","hentry","tag-congresos-medicos","tribe_events_cat-eventos","tribe_events_cat-eventos-destacados","cat_eventos","cat_eventos-destacados"],"acf":[],"yoast_head":"<!-- This site is optimized with the Yoast SEO plugin v27.5 - https:\/\/yoast.com\/product\/yoast-seo-wordpress\/ -->\n<title>XXXVI Congreso de la SED - iMagazine - Soluciones para la Diabetes<\/title>\n<meta name=\"robots\" content=\"index, follow, max-snippet:-1, max-image-preview:large, max-video-preview:-1\" \/>\n<link rel=\"canonical\" href=\"https:\/\/www.solucionesparaladiabetes.com\/magazine-diabetes\/evento\/xxxvi-congreso-de-la-sed\/\" \/>\n<meta property=\"og:locale\" content=\"es_ES\" \/>\n<meta property=\"og:type\" content=\"article\" \/>\n<meta property=\"og:title\" content=\"XXXVI Congreso de la SED - iMagazine - Soluciones para la Diabetes\" \/>\n<meta property=\"og:description\" content=\"La Sociedad Espa\u00f1ola de Diabetes celebra su 34\u00ba Congreso nacional en\u00a0Coru\u00f1a.\u00a0El Congreso de la SED est\u00e1 preparando un programa cient\u00edfico inspirador con numerosas sesiones y conferencias que examinan y discuten [&hellip;]\" \/>\n<meta property=\"og:url\" content=\"https:\/\/www.solucionesparaladiabetes.com\/magazine-diabetes\/evento\/xxxvi-congreso-de-la-sed\/\" \/>\n<meta property=\"og:site_name\" content=\"Soluciones para la Diabetes\" \/>\n<meta property=\"og:image\" content=\"http:\/\/www.solucionesparaladiabetes.com\/magazine-diabetes\/wp-content\/uploads\/FSED-2025-.png\" \/>\n\t<meta property=\"og:image:width\" content=\"676\" \/>\n\t<meta property=\"og:image:height\" content=\"482\" \/>\n\t<meta property=\"og:image:type\" content=\"image\/png\" \/>\n<meta name=\"twitter:card\" content=\"summary_large_image\" \/>\n<meta name=\"twitter:site\" content=\"@soluciondiabete\" \/>\n<meta name=\"twitter:label1\" content=\"Tiempo de lectura\" \/>\n\t<meta name=\"twitter:data1\" content=\"1 minuto\" \/>\n<script type=\"application\/ld+json\" class=\"yoast-schema-graph\">{\"@context\":\"https:\\\/\\\/schema.org\",\"@graph\":[{\"@type\":\"WebPage\",\"@id\":\"https:\\\/\\\/www.solucionesparaladiabetes.com\\\/magazine-diabetes\\\/evento\\\/xxxvi-congreso-de-la-sed\\\/\",\"url\":\"https:\\\/\\\/www.solucionesparaladiabetes.com\\\/magazine-diabetes\\\/evento\\\/xxxvi-congreso-de-la-sed\\\/\",\"name\":\"XXXVI Congreso de la SED - iMagazine - Soluciones para la Diabetes\",\"isPartOf\":{\"@id\":\"https:\\\/\\\/www.solucionesparaladiabetes.com\\\/magazine-diabetes\\\/#website\"},\"primaryImageOfPage\":{\"@id\":\"https:\\\/\\\/www.solucionesparaladiabetes.com\\\/magazine-diabetes\\\/evento\\\/xxxvi-congreso-de-la-sed\\\/#primaryimage\"},\"image\":{\"@id\":\"https:\\\/\\\/www.solucionesparaladiabetes.com\\\/magazine-diabetes\\\/evento\\\/xxxvi-congreso-de-la-sed\\\/#primaryimage\"},\"thumbnailUrl\":\"https:\\\/\\\/www.solucionesparaladiabetes.com\\\/magazine-diabetes\\\/wp-content\\\/uploads\\\/FSED-2025-.png\",\"datePublished\":\"2025-02-11T11:57:57+00:00\",\"breadcrumb\":{\"@id\":\"https:\\\/\\\/www.solucionesparaladiabetes.com\\\/magazine-diabetes\\\/evento\\\/xxxvi-congreso-de-la-sed\\\/#breadcrumb\"},\"inLanguage\":\"es\",\"potentialAction\":[{\"@type\":\"ReadAction\",\"target\":[\"https:\\\/\\\/www.solucionesparaladiabetes.com\\\/magazine-diabetes\\\/evento\\\/xxxvi-congreso-de-la-sed\\\/\"]}]},{\"@type\":\"ImageObject\",\"inLanguage\":\"es\",\"@id\":\"https:\\\/\\\/www.solucionesparaladiabetes.com\\\/magazine-diabetes\\\/evento\\\/xxxvi-congreso-de-la-sed\\\/#primaryimage\",\"url\":\"https:\\\/\\\/www.solucionesparaladiabetes.com\\\/magazine-diabetes\\\/wp-content\\\/uploads\\\/FSED-2025-.png\",\"contentUrl\":\"https:\\\/\\\/www.solucionesparaladiabetes.com\\\/magazine-diabetes\\\/wp-content\\\/uploads\\\/FSED-2025-.png\",\"width\":676,\"height\":482,\"caption\":\"Congreso FSED 2025\"},{\"@type\":\"BreadcrumbList\",\"@id\":\"https:\\\/\\\/www.solucionesparaladiabetes.com\\\/magazine-diabetes\\\/evento\\\/xxxvi-congreso-de-la-sed\\\/#breadcrumb\",\"itemListElement\":[{\"@type\":\"ListItem\",\"position\":1,\"name\":\"Portada\",\"item\":\"https:\\\/\\\/www.solucionesparaladiabetes.com\\\/magazine-diabetes\\\/\"},{\"@type\":\"ListItem\",\"position\":2,\"name\":\"Eventos\",\"item\":\"https:\\\/\\\/www.solucionesparaladiabetes.com\\\/magazine-diabetes\\\/eventos\\\/\"},{\"@type\":\"ListItem\",\"position\":3,\"name\":\"XXXVI Congreso de la SED\"}]},{\"@type\":\"WebSite\",\"@id\":\"https:\\\/\\\/www.solucionesparaladiabetes.com\\\/magazine-diabetes\\\/#website\",\"url\":\"https:\\\/\\\/www.solucionesparaladiabetes.com\\\/magazine-diabetes\\\/\",\"name\":\"Soluciones para la Diabetes\",\"description\":\"iMagazine\",\"potentialAction\":[{\"@type\":\"SearchAction\",\"target\":{\"@type\":\"EntryPoint\",\"urlTemplate\":\"https:\\\/\\\/www.solucionesparaladiabetes.com\\\/magazine-diabetes\\\/?s={search_term_string}\"},\"query-input\":{\"@type\":\"PropertyValueSpecification\",\"valueRequired\":true,\"valueName\":\"search_term_string\"}}],\"inLanguage\":\"es\"}]}<\/script>\n<!-- \/ Yoast SEO plugin. -->","yoast_head_json":{"title":"XXXVI Congreso de la SED - iMagazine - Soluciones para la Diabetes","robots":{"index":"index","follow":"follow","max-snippet":"max-snippet:-1","max-image-preview":"max-image-preview:large","max-video-preview":"max-video-preview:-1"},"canonical":"https:\/\/www.solucionesparaladiabetes.com\/magazine-diabetes\/evento\/xxxvi-congreso-de-la-sed\/","og_locale":"es_ES","og_type":"article","og_title":"XXXVI Congreso de la SED - iMagazine - Soluciones para la Diabetes","og_description":"La Sociedad Espa\u00f1ola de Diabetes celebra su 34\u00ba Congreso nacional en\u00a0Coru\u00f1a.\u00a0El Congreso de la SED est\u00e1 preparando un programa cient\u00edfico inspirador con numerosas sesiones y conferencias que examinan y discuten [&hellip;]","og_url":"https:\/\/www.solucionesparaladiabetes.com\/magazine-diabetes\/evento\/xxxvi-congreso-de-la-sed\/","og_site_name":"Soluciones para la Diabetes","og_image":[{"width":676,"height":482,"url":"http:\/\/www.solucionesparaladiabetes.com\/magazine-diabetes\/wp-content\/uploads\/FSED-2025-.png","type":"image\/png"}],"twitter_card":"summary_large_image","twitter_site":"@soluciondiabete","twitter_misc":{"Tiempo de lectura":"1 minuto"},"schema":{"@context":"https:\/\/schema.org","@graph":[{"@type":"WebPage","@id":"https:\/\/www.solucionesparaladiabetes.com\/magazine-diabetes\/evento\/xxxvi-congreso-de-la-sed\/","url":"https:\/\/www.solucionesparaladiabetes.com\/magazine-diabetes\/evento\/xxxvi-congreso-de-la-sed\/","name":"XXXVI Congreso de la SED - iMagazine - Soluciones para la Diabetes","isPartOf":{"@id":"https:\/\/www.solucionesparaladiabetes.com\/magazine-diabetes\/#website"},"primaryImageOfPage":{"@id":"https:\/\/www.solucionesparaladiabetes.com\/magazine-diabetes\/evento\/xxxvi-congreso-de-la-sed\/#primaryimage"},"image":{"@id":"https:\/\/www.solucionesparaladiabetes.com\/magazine-diabetes\/evento\/xxxvi-congreso-de-la-sed\/#primaryimage"},"thumbnailUrl":"https:\/\/www.solucionesparaladiabetes.com\/magazine-diabetes\/wp-content\/uploads\/FSED-2025-.png","datePublished":"2025-02-11T11:57:57+00:00","breadcrumb":{"@id":"https:\/\/www.solucionesparaladiabetes.com\/magazine-diabetes\/evento\/xxxvi-congreso-de-la-sed\/#breadcrumb"},"inLanguage":"es","potentialAction":[{"@type":"ReadAction","target":["https:\/\/www.solucionesparaladiabetes.com\/magazine-diabetes\/evento\/xxxvi-congreso-de-la-sed\/"]}]},{"@type":"ImageObject","inLanguage":"es","@id":"https:\/\/www.solucionesparaladiabetes.com\/magazine-diabetes\/evento\/xxxvi-congreso-de-la-sed\/#primaryimage","url":"https:\/\/www.solucionesparaladiabetes.com\/magazine-diabetes\/wp-content\/uploads\/FSED-2025-.png","contentUrl":"https:\/\/www.solucionesparaladiabetes.com\/magazine-diabetes\/wp-content\/uploads\/FSED-2025-.png","width":676,"height":482,"caption":"Congreso FSED 2025"},{"@type":"BreadcrumbList","@id":"https:\/\/www.solucionesparaladiabetes.com\/magazine-diabetes\/evento\/xxxvi-congreso-de-la-sed\/#breadcrumb","itemListElement":[{"@type":"ListItem","position":1,"name":"Portada","item":"https:\/\/www.solucionesparaladiabetes.com\/magazine-diabetes\/"},{"@type":"ListItem","position":2,"name":"Eventos","item":"https:\/\/www.solucionesparaladiabetes.com\/magazine-diabetes\/eventos\/"},{"@type":"ListItem","position":3,"name":"XXXVI Congreso de la SED"}]},{"@type":"WebSite","@id":"https:\/\/www.solucionesparaladiabetes.com\/magazine-diabetes\/#website","url":"https:\/\/www.solucionesparaladiabetes.com\/magazine-diabetes\/","name":"Soluciones para la Diabetes","description":"iMagazine","potentialAction":[{"@type":"SearchAction","target":{"@type":"EntryPoint","urlTemplate":"https:\/\/www.solucionesparaladiabetes.com\/magazine-diabetes\/?s={search_term_string}"},"query-input":{"@type":"PropertyValueSpecification","valueRequired":true,"valueName":"search_term_string"}}],"inLanguage":"es"}]}},"_links":{"self":[{"href":"https:\/\/www.solucionesparaladiabetes.com\/magazine-diabetes\/wp-json\/wp\/v2\/tribe_events\/13867","targetHints":{"allow":["GET"]}}],"collection":[{"href":"https:\/\/www.solucionesparaladiabetes.com\/magazine-diabetes\/wp-json\/wp\/v2\/tribe_events"}],"about":[{"href":"https:\/\/www.solucionesparaladiabetes.com\/magazine-diabetes\/wp-json\/wp\/v2\/types\/tribe_events"}],"author":[{"embeddable":true,"href":"https:\/\/www.solucionesparaladiabetes.com\/magazine-diabetes\/wp-json\/wp\/v2\/users\/19"}],"version-history":[{"count":1,"href":"https:\/\/www.solucionesparaladiabetes.com\/magazine-diabetes\/wp-json\/wp\/v2\/tribe_events\/13867\/revisions"}],"predecessor-version":[{"id":13871,"href":"https:\/\/www.solucionesparaladiabetes.com\/magazine-diabetes\/wp-json\/wp\/v2\/tribe_events\/13867\/revisions\/13871"}],"wp:featuredmedia":[{"embeddable":true,"href":"https:\/\/www.solucionesparaladiabetes.com\/magazine-diabetes\/wp-json\/wp\/v2\/media\/13869"}],"wp:attachment":[{"href":"https:\/\/www.solucionesparaladiabetes.com\/magazine-diabetes\/wp-json\/wp\/v2\/media?parent=13867"}],"wp:term":[{"taxonomy":"post_tag","embeddable":true,"href":"https:\/\/www.solucionesparaladiabetes.com\/magazine-diabetes\/wp-json\/wp\/v2\/tags?post=13867"},{"taxonomy":"tribe_events_cat","embeddable":true,"href":"https:\/\/www.solucionesparaladiabetes.com\/magazine-diabetes\/wp-json\/wp\/v2\/tribe_events_cat?post=13867"}],"curies":[{"name":"wp","href":"https:\/\/api.w.org\/{rel}","templated":true}]}}

<p>La Sociedad Española de Diabetes celebra su 34º Congreso nacional en <strong>Coruña</strong>. El Congreso de la SED está preparando un programa científico inspirador con numerosas sesiones y conferencias que examinan y discuten todos los temas cruciales en diabetes, con el deseo de transmitir la presente revolución científica y tecnológica. El congreso reunirá a más de 1.500 científicos, investigadores, profesionales, desarrolladores de dispositivos y proveedores de atención médica de toda España para compartir juntos una experiencia inolvidable.</p>

<p>La Sociedad Española de Diabetes celebra su 34º Congreso nacional en Coruña. El Congreso de la SED está preparando un programa científico inspirador con numerosas sesiones y conferencias que examinan y discuten [&hellip;]</p>

<!-- This site is optimized with the Yoast SEO plugin v27.5 - https://yoast.com/product/yoast-seo-wordpress/ -->
<title>XXXVI Congreso de la SED - iMagazine - Soluciones para la Diabetes</title>
<meta name="robots" content="index, follow, max-snippet:-1, max-image-preview:large, max-video-preview:-1" />
<link rel="canonical" href="https://www.solucionesparaladiabetes.com/magazine-diabetes/evento/xxxvi-congreso-de-la-sed/" />
<meta property="og:locale" content="es_ES" />
<meta property="og:type" content="article" />
<meta property="og:title" content="XXXVI Congreso de la SED - iMagazine - Soluciones para la Diabetes" />
<meta property="og:description" content="La Sociedad Española de Diabetes celebra su 34º Congreso nacional en Coruña. El Congreso de la SED está preparando un programa científico inspirador con numerosas sesiones y conferencias que examinan y discuten [&hellip;]" />
<meta property="og:url" content="https://www.solucionesparaladiabetes.com/magazine-diabetes/evento/xxxvi-congreso-de-la-sed/" />
<meta property="og:site_name" content="Soluciones para la Diabetes" />
<meta property="og:image" content="http://www.solucionesparaladiabetes.com/magazine-diabetes/wp-content/uploads/FSED-2025-.png" />
	<meta property="og:image:width" content="676" />
	<meta property="og:image:height" content="482" />
	<meta property="og:image:type" content="image/png" />
<meta name="twitter:card" content="summary_large_image" />
<meta name="twitter:site" content="@soluciondiabete" />
<meta name="twitter:label1" content="Tiempo de lectura" />
	<meta name="twitter:data1" content="1 minuto" />
<script type="application/ld+json" class="yoast-schema-graph">{"@context":"https:\/\/schema.org","@graph":[{"@type":"WebPage","@id":"https:\/\/www.solucionesparaladiabetes.com\/magazine-diabetes\/evento\/xxxvi-congreso-de-la-sed\/","url":"https:\/\/www.solucionesparaladiabetes.com\/magazine-diabetes\/evento\/xxxvi-congreso-de-la-sed\/","name":"XXXVI Congreso de la SED - iMagazine - Soluciones para la Diabetes","isPartOf":{"@id":"https:\/\/www.solucionesparaladiabetes.com\/magazine-diabetes\/#website"},"primaryImageOfPage":{"@id":"https:\/\/www.solucionesparaladiabetes.com\/magazine-diabetes\/evento\/xxxvi-congreso-de-la-sed\/#primaryimage"},"image":{"@id":"https:\/\/www.solucionesparaladiabetes.com\/magazine-diabetes\/evento\/xxxvi-congreso-de-la-sed\/#primaryimage"},"thumbnailUrl":"https:\/\/www.solucionesparaladiabetes.com\/magazine-diabetes\/wp-content\/uploads\/FSED-2025-.png","datePublished":"2025-02-11T11:57:57+00:00","breadcrumb":{"@id":"https:\/\/www.solucionesparaladiabetes.com\/magazine-diabetes\/evento\/xxxvi-congreso-de-la-sed\/#breadcrumb"},"inLanguage":"es","potentialAction":[{"@type":"ReadAction","target":["https:\/\/www.solucionesparaladiabetes.com\/magazine-diabetes\/evento\/xxxvi-congreso-de-la-sed\/"]}]},{"@type":"ImageObject","inLanguage":"es","@id":"https:\/\/www.solucionesparaladiabetes.com\/magazine-diabetes\/evento\/xxxvi-congreso-de-la-sed\/#primaryimage","url":"https:\/\/www.solucionesparaladiabetes.com\/magazine-diabetes\/wp-content\/uploads\/FSED-2025-.png","contentUrl":"https:\/\/www.solucionesparaladiabetes.com\/magazine-diabetes\/wp-content\/uploads\/FSED-2025-.png","width":676,"height":482,"caption":"Congreso FSED 2025"},{"@type":"BreadcrumbList","@id":"https:\/\/www.solucionesparaladiabetes.com\/magazine-diabetes\/evento\/xxxvi-congreso-de-la-sed\/#breadcrumb","itemListElement":[{"@type":"ListItem","position":1,"name":"Portada","item":"https:\/\/www.solucionesparaladiabetes.com\/magazine-diabetes\/"},{"@type":"ListItem","position":2,"name":"Eventos","item":"https:\/\/www.solucionesparaladiabetes.com\/magazine-diabetes\/eventos\/"},{"@type":"ListItem","position":3,"name":"XXXVI Congreso de la SED"}]},{"@type":"WebSite","@id":"https:\/\/www.solucionesparaladiabetes.com\/magazine-diabetes\/#website","url":"https:\/\/www.solucionesparaladiabetes.com\/magazine-diabetes\/","name":"Soluciones para la Diabetes","description":"iMagazine","potentialAction":[{"@type":"SearchAction","target":{"@type":"EntryPoint","urlTemplate":"https:\/\/www.solucionesparaladiabetes.com\/magazine-diabetes\/?s={search_term_string}"},"query-input":{"@type":"PropertyValueSpecification","valueRequired":true,"valueName":"search_term_string"}}],"inLanguage":"es"}]}</script>
<!-- / Yoast SEO plugin. -->

La Sociedad Española de Diabetes celebra su 34º Congreso nacional en Coruña. El Congreso de la SED está preparando un programa científico inspirador con numerosas sesiones y conferencias que examinan y discuten [&hellip;]
