{"id":10371,"date":"2025-02-02T00:12:51","date_gmt":"2025-02-01T23:12:51","guid":{"rendered":"https:\/\/www.solucionesparaladiabetes.com\/magazine-diabetes\/?post_type=tribe_events&#038;p=10371"},"modified":"2025-02-11T12:21:41","modified_gmt":"2025-02-11T11:21:41","slug":"inicio-de-invierno","status":"publish","type":"tribe_events","link":"https:\/\/www.solucionesparaladiabetes.com\/magazine-diabetes\/evento\/inicio-de-invierno\/","title":{"rendered":"Inicio de invierno"},"content":{"rendered":"<p>Si a\u00fan no las hab\u00edas sacado del armario, ya va siendo hora de sacar tus mejores prendas de abrigo. El invierno ya est\u00e1 aqu\u00ed, y con \u00e9l, llegan las fiestas navide\u00f1as, la nieve y las copiosas comidas. Para seguir cuid\u00e1ndote durante los meses m\u00e1s fr\u00edos del a\u00f1o, te sugerimos que leas nuestro post <a href=\"https:\/\/www.solucionesparaladiabetes.com\/magazine-diabetes\/diabetes-invierno\/\" target=\"_blank\" rel=\"noopener\">La diabetes en invierno<\/a>, donde encontrar\u00e1s consejos y recomendaciones para no quedar <em>helado.<\/em><\/p>\n","protected":false},"excerpt":{"rendered":"<p>Si a\u00fan no las hab\u00edas sacado del armario, ya va siendo hora de sacar tus mejores prendas de abrigo. El invierno ya est\u00e1 aqu\u00ed, y con \u00e9l, llegan las fiestas [&hellip;]<\/p>\n","protected":false},"author":19,"featured_media":10372,"template":"","meta":{"_acf_changed":false,"_monsterinsights_skip_tracking":false,"_monsterinsights_sitenote_active":false,"_monsterinsights_sitenote_note":"","_monsterinsights_sitenote_category":0,"_tribe_events_status":"","_tribe_events_status_reason":"","footnotes":""},"tags":[1459],"tribe_events_cat":[94,96],"class_list":["post-10371","tribe_events","type-tribe_events","status-publish","has-post-thumbnail","hentry","tag-fechas-senaladas","tribe_events_cat-eventos","tribe_events_cat-eventos-destacados","cat_eventos","cat_eventos-destacados"],"acf":[],"yoast_head":"<!-- This site is optimized with the Yoast SEO plugin v27.5 - https:\/\/yoast.com\/product\/yoast-seo-wordpress\/ -->\n<title>Inicio de invierno - iMagazine - Soluciones para la Diabetes<\/title>\n<meta name=\"robots\" content=\"index, follow, max-snippet:-1, max-image-preview:large, max-video-preview:-1\" \/>\n<link rel=\"canonical\" href=\"https:\/\/www.solucionesparaladiabetes.com\/magazine-diabetes\/evento\/inicio-de-invierno\/\" \/>\n<meta property=\"og:locale\" content=\"es_ES\" \/>\n<meta property=\"og:type\" content=\"article\" \/>\n<meta property=\"og:title\" content=\"Inicio de invierno - iMagazine - Soluciones para la Diabetes\" \/>\n<meta property=\"og:description\" content=\"Si a\u00fan no las hab\u00edas sacado del armario, ya va siendo hora de sacar tus mejores prendas de abrigo. El invierno ya est\u00e1 aqu\u00ed, y con \u00e9l, llegan las fiestas [&hellip;]\" \/>\n<meta property=\"og:url\" content=\"https:\/\/www.solucionesparaladiabetes.com\/magazine-diabetes\/evento\/inicio-de-invierno\/\" \/>\n<meta property=\"og:site_name\" content=\"Soluciones para la Diabetes\" \/>\n<meta property=\"article:modified_time\" content=\"2025-02-11T11:21:41+00:00\" \/>\n<meta property=\"og:image\" content=\"http:\/\/www.solucionesparaladiabetes.com\/magazine-diabetes\/wp-content\/uploads\/owl.jpeg\" \/>\n\t<meta property=\"og:image:width\" content=\"640\" \/>\n\t<meta property=\"og:image:height\" content=\"468\" \/>\n\t<meta property=\"og:image:type\" content=\"image\/jpeg\" \/>\n<meta name=\"twitter:card\" content=\"summary_large_image\" \/>\n<meta name=\"twitter:site\" content=\"@soluciondiabete\" \/>\n<meta name=\"twitter:label1\" content=\"Tiempo de lectura\" \/>\n\t<meta name=\"twitter:data1\" content=\"1 minuto\" \/>\n<script type=\"application\/ld+json\" class=\"yoast-schema-graph\">{\"@context\":\"https:\\\/\\\/schema.org\",\"@graph\":[{\"@type\":\"WebPage\",\"@id\":\"https:\\\/\\\/www.solucionesparaladiabetes.com\\\/magazine-diabetes\\\/evento\\\/inicio-de-invierno\\\/\",\"url\":\"https:\\\/\\\/www.solucionesparaladiabetes.com\\\/magazine-diabetes\\\/evento\\\/inicio-de-invierno\\\/\",\"name\":\"Inicio de invierno - iMagazine - Soluciones para la Diabetes\",\"isPartOf\":{\"@id\":\"https:\\\/\\\/www.solucionesparaladiabetes.com\\\/magazine-diabetes\\\/#website\"},\"primaryImageOfPage\":{\"@id\":\"https:\\\/\\\/www.solucionesparaladiabetes.com\\\/magazine-diabetes\\\/evento\\\/inicio-de-invierno\\\/#primaryimage\"},\"image\":{\"@id\":\"https:\\\/\\\/www.solucionesparaladiabetes.com\\\/magazine-diabetes\\\/evento\\\/inicio-de-invierno\\\/#primaryimage\"},\"thumbnailUrl\":\"https:\\\/\\\/www.solucionesparaladiabetes.com\\\/magazine-diabetes\\\/wp-content\\\/uploads\\\/owl.jpeg\",\"datePublished\":\"2025-02-01T23:12:51+00:00\",\"dateModified\":\"2025-02-11T11:21:41+00:00\",\"breadcrumb\":{\"@id\":\"https:\\\/\\\/www.solucionesparaladiabetes.com\\\/magazine-diabetes\\\/evento\\\/inicio-de-invierno\\\/#breadcrumb\"},\"inLanguage\":\"es\",\"potentialAction\":[{\"@type\":\"ReadAction\",\"target\":[\"https:\\\/\\\/www.solucionesparaladiabetes.com\\\/magazine-diabetes\\\/evento\\\/inicio-de-invierno\\\/\"]}]},{\"@type\":\"ImageObject\",\"inLanguage\":\"es\",\"@id\":\"https:\\\/\\\/www.solucionesparaladiabetes.com\\\/magazine-diabetes\\\/evento\\\/inicio-de-invierno\\\/#primaryimage\",\"url\":\"https:\\\/\\\/www.solucionesparaladiabetes.com\\\/magazine-diabetes\\\/wp-content\\\/uploads\\\/owl.jpeg\",\"contentUrl\":\"https:\\\/\\\/www.solucionesparaladiabetes.com\\\/magazine-diabetes\\\/wp-content\\\/uploads\\\/owl.jpeg\",\"width\":640,\"height\":468,\"caption\":\"Cuida tu salud tambi\u00e9n en invierno. Diabetes\"},{\"@type\":\"BreadcrumbList\",\"@id\":\"https:\\\/\\\/www.solucionesparaladiabetes.com\\\/magazine-diabetes\\\/evento\\\/inicio-de-invierno\\\/#breadcrumb\",\"itemListElement\":[{\"@type\":\"ListItem\",\"position\":1,\"name\":\"Portada\",\"item\":\"https:\\\/\\\/www.solucionesparaladiabetes.com\\\/magazine-diabetes\\\/\"},{\"@type\":\"ListItem\",\"position\":2,\"name\":\"Eventos\",\"item\":\"https:\\\/\\\/www.solucionesparaladiabetes.com\\\/magazine-diabetes\\\/eventos\\\/\"},{\"@type\":\"ListItem\",\"position\":3,\"name\":\"Inicio de invierno\"}]},{\"@type\":\"WebSite\",\"@id\":\"https:\\\/\\\/www.solucionesparaladiabetes.com\\\/magazine-diabetes\\\/#website\",\"url\":\"https:\\\/\\\/www.solucionesparaladiabetes.com\\\/magazine-diabetes\\\/\",\"name\":\"Soluciones para la Diabetes\",\"description\":\"iMagazine\",\"potentialAction\":[{\"@type\":\"SearchAction\",\"target\":{\"@type\":\"EntryPoint\",\"urlTemplate\":\"https:\\\/\\\/www.solucionesparaladiabetes.com\\\/magazine-diabetes\\\/?s={search_term_string}\"},\"query-input\":{\"@type\":\"PropertyValueSpecification\",\"valueRequired\":true,\"valueName\":\"search_term_string\"}}],\"inLanguage\":\"es\"}]}<\/script>\n<!-- \/ Yoast SEO plugin. -->","yoast_head_json":{"title":"Inicio de invierno - iMagazine - Soluciones para la Diabetes","robots":{"index":"index","follow":"follow","max-snippet":"max-snippet:-1","max-image-preview":"max-image-preview:large","max-video-preview":"max-video-preview:-1"},"canonical":"https:\/\/www.solucionesparaladiabetes.com\/magazine-diabetes\/evento\/inicio-de-invierno\/","og_locale":"es_ES","og_type":"article","og_title":"Inicio de invierno - iMagazine - Soluciones para la Diabetes","og_description":"Si a\u00fan no las hab\u00edas sacado del armario, ya va siendo hora de sacar tus mejores prendas de abrigo. El invierno ya est\u00e1 aqu\u00ed, y con \u00e9l, llegan las fiestas [&hellip;]","og_url":"https:\/\/www.solucionesparaladiabetes.com\/magazine-diabetes\/evento\/inicio-de-invierno\/","og_site_name":"Soluciones para la Diabetes","article_modified_time":"2025-02-11T11:21:41+00:00","og_image":[{"width":640,"height":468,"url":"http:\/\/www.solucionesparaladiabetes.com\/magazine-diabetes\/wp-content\/uploads\/owl.jpeg","type":"image\/jpeg"}],"twitter_card":"summary_large_image","twitter_site":"@soluciondiabete","twitter_misc":{"Tiempo de lectura":"1 minuto"},"schema":{"@context":"https:\/\/schema.org","@graph":[{"@type":"WebPage","@id":"https:\/\/www.solucionesparaladiabetes.com\/magazine-diabetes\/evento\/inicio-de-invierno\/","url":"https:\/\/www.solucionesparaladiabetes.com\/magazine-diabetes\/evento\/inicio-de-invierno\/","name":"Inicio de invierno - iMagazine - Soluciones para la Diabetes","isPartOf":{"@id":"https:\/\/www.solucionesparaladiabetes.com\/magazine-diabetes\/#website"},"primaryImageOfPage":{"@id":"https:\/\/www.solucionesparaladiabetes.com\/magazine-diabetes\/evento\/inicio-de-invierno\/#primaryimage"},"image":{"@id":"https:\/\/www.solucionesparaladiabetes.com\/magazine-diabetes\/evento\/inicio-de-invierno\/#primaryimage"},"thumbnailUrl":"https:\/\/www.solucionesparaladiabetes.com\/magazine-diabetes\/wp-content\/uploads\/owl.jpeg","datePublished":"2025-02-01T23:12:51+00:00","dateModified":"2025-02-11T11:21:41+00:00","breadcrumb":{"@id":"https:\/\/www.solucionesparaladiabetes.com\/magazine-diabetes\/evento\/inicio-de-invierno\/#breadcrumb"},"inLanguage":"es","potentialAction":[{"@type":"ReadAction","target":["https:\/\/www.solucionesparaladiabetes.com\/magazine-diabetes\/evento\/inicio-de-invierno\/"]}]},{"@type":"ImageObject","inLanguage":"es","@id":"https:\/\/www.solucionesparaladiabetes.com\/magazine-diabetes\/evento\/inicio-de-invierno\/#primaryimage","url":"https:\/\/www.solucionesparaladiabetes.com\/magazine-diabetes\/wp-content\/uploads\/owl.jpeg","contentUrl":"https:\/\/www.solucionesparaladiabetes.com\/magazine-diabetes\/wp-content\/uploads\/owl.jpeg","width":640,"height":468,"caption":"Cuida tu salud tambi\u00e9n en invierno. Diabetes"},{"@type":"BreadcrumbList","@id":"https:\/\/www.solucionesparaladiabetes.com\/magazine-diabetes\/evento\/inicio-de-invierno\/#breadcrumb","itemListElement":[{"@type":"ListItem","position":1,"name":"Portada","item":"https:\/\/www.solucionesparaladiabetes.com\/magazine-diabetes\/"},{"@type":"ListItem","position":2,"name":"Eventos","item":"https:\/\/www.solucionesparaladiabetes.com\/magazine-diabetes\/eventos\/"},{"@type":"ListItem","position":3,"name":"Inicio de invierno"}]},{"@type":"WebSite","@id":"https:\/\/www.solucionesparaladiabetes.com\/magazine-diabetes\/#website","url":"https:\/\/www.solucionesparaladiabetes.com\/magazine-diabetes\/","name":"Soluciones para la Diabetes","description":"iMagazine","potentialAction":[{"@type":"SearchAction","target":{"@type":"EntryPoint","urlTemplate":"https:\/\/www.solucionesparaladiabetes.com\/magazine-diabetes\/?s={search_term_string}"},"query-input":{"@type":"PropertyValueSpecification","valueRequired":true,"valueName":"search_term_string"}}],"inLanguage":"es"}]}},"_links":{"self":[{"href":"https:\/\/www.solucionesparaladiabetes.com\/magazine-diabetes\/wp-json\/wp\/v2\/tribe_events\/10371","targetHints":{"allow":["GET"]}}],"collection":[{"href":"https:\/\/www.solucionesparaladiabetes.com\/magazine-diabetes\/wp-json\/wp\/v2\/tribe_events"}],"about":[{"href":"https:\/\/www.solucionesparaladiabetes.com\/magazine-diabetes\/wp-json\/wp\/v2\/types\/tribe_events"}],"author":[{"embeddable":true,"href":"https:\/\/www.solucionesparaladiabetes.com\/magazine-diabetes\/wp-json\/wp\/v2\/users\/19"}],"version-history":[{"count":2,"href":"https:\/\/www.solucionesparaladiabetes.com\/magazine-diabetes\/wp-json\/wp\/v2\/tribe_events\/10371\/revisions"}],"predecessor-version":[{"id":13440,"href":"https:\/\/www.solucionesparaladiabetes.com\/magazine-diabetes\/wp-json\/wp\/v2\/tribe_events\/10371\/revisions\/13440"}],"wp:featuredmedia":[{"embeddable":true,"href":"https:\/\/www.solucionesparaladiabetes.com\/magazine-diabetes\/wp-json\/wp\/v2\/media\/10372"}],"wp:attachment":[{"href":"https:\/\/www.solucionesparaladiabetes.com\/magazine-diabetes\/wp-json\/wp\/v2\/media?parent=10371"}],"wp:term":[{"taxonomy":"post_tag","embeddable":true,"href":"https:\/\/www.solucionesparaladiabetes.com\/magazine-diabetes\/wp-json\/wp\/v2\/tags?post=10371"},{"taxonomy":"tribe_events_cat","embeddable":true,"href":"https:\/\/www.solucionesparaladiabetes.com\/magazine-diabetes\/wp-json\/wp\/v2\/tribe_events_cat?post=10371"}],"curies":[{"name":"wp","href":"https:\/\/api.w.org\/{rel}","templated":true}]}}

<p>Si aún no las habías sacado del armario, ya va siendo hora de sacar tus mejores prendas de abrigo. El invierno ya está aquí, y con él, llegan las fiestas navideñas, la nieve y las copiosas comidas. Para seguir cuidándote durante los meses más fríos del año, te sugerimos que leas nuestro post <a href="https://www.solucionesparaladiabetes.com/magazine-diabetes/diabetes-invierno/" target="_blank" rel="noopener">La diabetes en invierno</a>, donde encontrarás consejos y recomendaciones para no quedar <em>helado.</em></p>

<p>Si aún no las habías sacado del armario, ya va siendo hora de sacar tus mejores prendas de abrigo. El invierno ya está aquí, y con él, llegan las fiestas [&hellip;]</p>

<!-- This site is optimized with the Yoast SEO plugin v27.5 - https://yoast.com/product/yoast-seo-wordpress/ -->
<title>Inicio de invierno - iMagazine - Soluciones para la Diabetes</title>
<meta name="robots" content="index, follow, max-snippet:-1, max-image-preview:large, max-video-preview:-1" />
<link rel="canonical" href="https://www.solucionesparaladiabetes.com/magazine-diabetes/evento/inicio-de-invierno/" />
<meta property="og:locale" content="es_ES" />
<meta property="og:type" content="article" />
<meta property="og:title" content="Inicio de invierno - iMagazine - Soluciones para la Diabetes" />
<meta property="og:description" content="Si aún no las habías sacado del armario, ya va siendo hora de sacar tus mejores prendas de abrigo. El invierno ya está aquí, y con él, llegan las fiestas [&hellip;]" />
<meta property="og:url" content="https://www.solucionesparaladiabetes.com/magazine-diabetes/evento/inicio-de-invierno/" />
<meta property="og:site_name" content="Soluciones para la Diabetes" />
<meta property="article:modified_time" content="2025-02-11T11:21:41+00:00" />
<meta property="og:image" content="http://www.solucionesparaladiabetes.com/magazine-diabetes/wp-content/uploads/owl.jpeg" />
	<meta property="og:image:width" content="640" />
	<meta property="og:image:height" content="468" />
	<meta property="og:image:type" content="image/jpeg" />
<meta name="twitter:card" content="summary_large_image" />
<meta name="twitter:site" content="@soluciondiabete" />
<meta name="twitter:label1" content="Tiempo de lectura" />
	<meta name="twitter:data1" content="1 minuto" />
<script type="application/ld+json" class="yoast-schema-graph">{"@context":"https:\/\/schema.org","@graph":[{"@type":"WebPage","@id":"https:\/\/www.solucionesparaladiabetes.com\/magazine-diabetes\/evento\/inicio-de-invierno\/","url":"https:\/\/www.solucionesparaladiabetes.com\/magazine-diabetes\/evento\/inicio-de-invierno\/","name":"Inicio de invierno - iMagazine - Soluciones para la Diabetes","isPartOf":{"@id":"https:\/\/www.solucionesparaladiabetes.com\/magazine-diabetes\/#website"},"primaryImageOfPage":{"@id":"https:\/\/www.solucionesparaladiabetes.com\/magazine-diabetes\/evento\/inicio-de-invierno\/#primaryimage"},"image":{"@id":"https:\/\/www.solucionesparaladiabetes.com\/magazine-diabetes\/evento\/inicio-de-invierno\/#primaryimage"},"thumbnailUrl":"https:\/\/www.solucionesparaladiabetes.com\/magazine-diabetes\/wp-content\/uploads\/owl.jpeg","datePublished":"2025-02-01T23:12:51+00:00","dateModified":"2025-02-11T11:21:41+00:00","breadcrumb":{"@id":"https:\/\/www.solucionesparaladiabetes.com\/magazine-diabetes\/evento\/inicio-de-invierno\/#breadcrumb"},"inLanguage":"es","potentialAction":[{"@type":"ReadAction","target":["https:\/\/www.solucionesparaladiabetes.com\/magazine-diabetes\/evento\/inicio-de-invierno\/"]}]},{"@type":"ImageObject","inLanguage":"es","@id":"https:\/\/www.solucionesparaladiabetes.com\/magazine-diabetes\/evento\/inicio-de-invierno\/#primaryimage","url":"https:\/\/www.solucionesparaladiabetes.com\/magazine-diabetes\/wp-content\/uploads\/owl.jpeg","contentUrl":"https:\/\/www.solucionesparaladiabetes.com\/magazine-diabetes\/wp-content\/uploads\/owl.jpeg","width":640,"height":468,"caption":"Cuida tu salud también en invierno. Diabetes"},{"@type":"BreadcrumbList","@id":"https:\/\/www.solucionesparaladiabetes.com\/magazine-diabetes\/evento\/inicio-de-invierno\/#breadcrumb","itemListElement":[{"@type":"ListItem","position":1,"name":"Portada","item":"https:\/\/www.solucionesparaladiabetes.com\/magazine-diabetes\/"},{"@type":"ListItem","position":2,"name":"Eventos","item":"https:\/\/www.solucionesparaladiabetes.com\/magazine-diabetes\/eventos\/"},{"@type":"ListItem","position":3,"name":"Inicio de invierno"}]},{"@type":"WebSite","@id":"https:\/\/www.solucionesparaladiabetes.com\/magazine-diabetes\/#website","url":"https:\/\/www.solucionesparaladiabetes.com\/magazine-diabetes\/","name":"Soluciones para la Diabetes","description":"iMagazine","potentialAction":[{"@type":"SearchAction","target":{"@type":"EntryPoint","urlTemplate":"https:\/\/www.solucionesparaladiabetes.com\/magazine-diabetes\/?s={search_term_string}"},"query-input":{"@type":"PropertyValueSpecification","valueRequired":true,"valueName":"search_term_string"}}],"inLanguage":"es"}]}</script>
<!-- / Yoast SEO plugin. -->

Si aún no las habías sacado del armario, ya va siendo hora de sacar tus mejores prendas de abrigo. El invierno ya está aquí, y con él, llegan las fiestas [&hellip;]

Cuida tu salud también en invierno. Diabetes
