{"id":10306,"date":"2025-02-01T10:41:09","date_gmt":"2025-02-01T09:41:09","guid":{"rendered":"https:\/\/www.solucionesparaladiabetes.com\/magazine-diabetes\/?post_type=tribe_events&#038;p=10306"},"modified":"2025-02-11T11:46:11","modified_gmt":"2025-02-11T10:46:11","slug":"dia-internacional-de-los-trabajadores","status":"publish","type":"tribe_events","link":"https:\/\/www.solucionesparaladiabetes.com\/magazine-diabetes\/evento\/dia-internacional-de-los-trabajadores\/","title":{"rendered":"D\u00eda internacional de los trabajadores"},"content":{"rendered":"<p>El D\u00eda Internacional de los Trabajadores, celebrado oficialmente en 80 pa\u00edses y extraoficialmente en muchos otros, fue instituido por el Congreso Obrero Socialista de la Segunda Internacional (Par\u00eds,1889) como homenaje a los <strong><a href=\"https:\/\/es.wikipedia.org\/wiki\/Revuelta_de_Haymarket\" target=\"_blank\" rel=\"noopener\">M\u00e1rtires de Chicago<\/a><\/strong> y como jornada reivindicativa de los derechos de los trabajadores.<\/p>\n","protected":false},"excerpt":{"rendered":"<p>El D\u00eda Internacional de los Trabajadores, celebrado oficialmente en 80 pa\u00edses y extraoficialmente en muchos otros, fue instituido por el Congreso Obrero Socialista de la Segunda Internacional (Par\u00eds,1889) como homenaje [&hellip;]<\/p>\n","protected":false},"author":19,"featured_media":10307,"template":"","meta":{"_acf_changed":false,"_monsterinsights_skip_tracking":false,"_monsterinsights_sitenote_active":false,"_monsterinsights_sitenote_note":"","_monsterinsights_sitenote_category":0,"_tribe_events_status":"","_tribe_events_status_reason":"","footnotes":""},"tags":[1457,1458],"tribe_events_cat":[94,96],"class_list":["post-10306","tribe_events","type-tribe_events","status-publish","has-post-thumbnail","hentry","tag-dias-festivos","tag-dias-mundiales","tribe_events_cat-eventos","tribe_events_cat-eventos-destacados","cat_eventos","cat_eventos-destacados"],"acf":[],"yoast_head":"<!-- This site is optimized with the Yoast SEO plugin v27.5 - https:\/\/yoast.com\/product\/yoast-seo-wordpress\/ -->\n<title>D\u00eda internacional de los trabajadores - iMagazine - Soluciones para la Diabetes<\/title>\n<meta name=\"description\" content=\"Cada a\u00f1o se celebra el d\u00eda primero de mayo el dia-internacional-de-los-trabajadores\" \/>\n<meta name=\"robots\" content=\"index, follow, max-snippet:-1, max-image-preview:large, max-video-preview:-1\" \/>\n<link rel=\"canonical\" href=\"https:\/\/www.solucionesparaladiabetes.com\/magazine-diabetes\/evento\/dia-internacional-de-los-trabajadores\/\" \/>\n<meta property=\"og:locale\" content=\"es_ES\" \/>\n<meta property=\"og:type\" content=\"article\" \/>\n<meta property=\"og:title\" content=\"D\u00eda internacional de los trabajadores - iMagazine - Soluciones para la Diabetes\" \/>\n<meta property=\"og:description\" content=\"Cada a\u00f1o se celebra el d\u00eda primero de mayo el dia-internacional-de-los-trabajadores\" \/>\n<meta property=\"og:url\" content=\"https:\/\/www.solucionesparaladiabetes.com\/magazine-diabetes\/evento\/dia-internacional-de-los-trabajadores\/\" \/>\n<meta property=\"og:site_name\" content=\"Soluciones para la Diabetes\" \/>\n<meta property=\"article:modified_time\" content=\"2025-02-11T10:46:11+00:00\" \/>\n<meta property=\"og:image\" content=\"http:\/\/www.solucionesparaladiabetes.com\/magazine-diabetes\/wp-content\/uploads\/Trabajo.jpg\" \/>\n\t<meta property=\"og:image:width\" content=\"900\" \/>\n\t<meta property=\"og:image:height\" content=\"600\" \/>\n\t<meta property=\"og:image:type\" content=\"image\/jpeg\" \/>\n<meta name=\"twitter:card\" content=\"summary_large_image\" \/>\n<meta name=\"twitter:site\" content=\"@soluciondiabete\" \/>\n<meta name=\"twitter:label1\" content=\"Tiempo de lectura\" \/>\n\t<meta name=\"twitter:data1\" content=\"1 minuto\" \/>\n<script type=\"application\/ld+json\" class=\"yoast-schema-graph\">{\"@context\":\"https:\\\/\\\/schema.org\",\"@graph\":[{\"@type\":\"WebPage\",\"@id\":\"https:\\\/\\\/www.solucionesparaladiabetes.com\\\/magazine-diabetes\\\/evento\\\/dia-internacional-de-los-trabajadores\\\/\",\"url\":\"https:\\\/\\\/www.solucionesparaladiabetes.com\\\/magazine-diabetes\\\/evento\\\/dia-internacional-de-los-trabajadores\\\/\",\"name\":\"D\u00eda internacional de los trabajadores - iMagazine - Soluciones para la Diabetes\",\"isPartOf\":{\"@id\":\"https:\\\/\\\/www.solucionesparaladiabetes.com\\\/magazine-diabetes\\\/#website\"},\"primaryImageOfPage\":{\"@id\":\"https:\\\/\\\/www.solucionesparaladiabetes.com\\\/magazine-diabetes\\\/evento\\\/dia-internacional-de-los-trabajadores\\\/#primaryimage\"},\"image\":{\"@id\":\"https:\\\/\\\/www.solucionesparaladiabetes.com\\\/magazine-diabetes\\\/evento\\\/dia-internacional-de-los-trabajadores\\\/#primaryimage\"},\"thumbnailUrl\":\"https:\\\/\\\/www.solucionesparaladiabetes.com\\\/magazine-diabetes\\\/wp-content\\\/uploads\\\/Trabajo.jpg\",\"datePublished\":\"2025-02-01T09:41:09+00:00\",\"dateModified\":\"2025-02-11T10:46:11+00:00\",\"description\":\"Cada a\u00f1o se celebra el d\u00eda primero de mayo el dia-internacional-de-los-trabajadores\",\"breadcrumb\":{\"@id\":\"https:\\\/\\\/www.solucionesparaladiabetes.com\\\/magazine-diabetes\\\/evento\\\/dia-internacional-de-los-trabajadores\\\/#breadcrumb\"},\"inLanguage\":\"es\",\"potentialAction\":[{\"@type\":\"ReadAction\",\"target\":[\"https:\\\/\\\/www.solucionesparaladiabetes.com\\\/magazine-diabetes\\\/evento\\\/dia-internacional-de-los-trabajadores\\\/\"]}]},{\"@type\":\"ImageObject\",\"inLanguage\":\"es\",\"@id\":\"https:\\\/\\\/www.solucionesparaladiabetes.com\\\/magazine-diabetes\\\/evento\\\/dia-internacional-de-los-trabajadores\\\/#primaryimage\",\"url\":\"https:\\\/\\\/www.solucionesparaladiabetes.com\\\/magazine-diabetes\\\/wp-content\\\/uploads\\\/Trabajo.jpg\",\"contentUrl\":\"https:\\\/\\\/www.solucionesparaladiabetes.com\\\/magazine-diabetes\\\/wp-content\\\/uploads\\\/Trabajo.jpg\",\"width\":900,\"height\":600,\"caption\":\"Trabajador en lo alto de un edificio\"},{\"@type\":\"BreadcrumbList\",\"@id\":\"https:\\\/\\\/www.solucionesparaladiabetes.com\\\/magazine-diabetes\\\/evento\\\/dia-internacional-de-los-trabajadores\\\/#breadcrumb\",\"itemListElement\":[{\"@type\":\"ListItem\",\"position\":1,\"name\":\"Portada\",\"item\":\"https:\\\/\\\/www.solucionesparaladiabetes.com\\\/magazine-diabetes\\\/\"},{\"@type\":\"ListItem\",\"position\":2,\"name\":\"Eventos\",\"item\":\"https:\\\/\\\/www.solucionesparaladiabetes.com\\\/magazine-diabetes\\\/eventos\\\/\"},{\"@type\":\"ListItem\",\"position\":3,\"name\":\"D\u00eda internacional de los trabajadores\"}]},{\"@type\":\"WebSite\",\"@id\":\"https:\\\/\\\/www.solucionesparaladiabetes.com\\\/magazine-diabetes\\\/#website\",\"url\":\"https:\\\/\\\/www.solucionesparaladiabetes.com\\\/magazine-diabetes\\\/\",\"name\":\"Soluciones para la Diabetes\",\"description\":\"iMagazine\",\"potentialAction\":[{\"@type\":\"SearchAction\",\"target\":{\"@type\":\"EntryPoint\",\"urlTemplate\":\"https:\\\/\\\/www.solucionesparaladiabetes.com\\\/magazine-diabetes\\\/?s={search_term_string}\"},\"query-input\":{\"@type\":\"PropertyValueSpecification\",\"valueRequired\":true,\"valueName\":\"search_term_string\"}}],\"inLanguage\":\"es\"}]}<\/script>\n<!-- \/ Yoast SEO plugin. -->","yoast_head_json":{"title":"D\u00eda internacional de los trabajadores - iMagazine - Soluciones para la Diabetes","description":"Cada a\u00f1o se celebra el d\u00eda primero de mayo el dia-internacional-de-los-trabajadores","robots":{"index":"index","follow":"follow","max-snippet":"max-snippet:-1","max-image-preview":"max-image-preview:large","max-video-preview":"max-video-preview:-1"},"canonical":"https:\/\/www.solucionesparaladiabetes.com\/magazine-diabetes\/evento\/dia-internacional-de-los-trabajadores\/","og_locale":"es_ES","og_type":"article","og_title":"D\u00eda internacional de los trabajadores - iMagazine - Soluciones para la Diabetes","og_description":"Cada a\u00f1o se celebra el d\u00eda primero de mayo el dia-internacional-de-los-trabajadores","og_url":"https:\/\/www.solucionesparaladiabetes.com\/magazine-diabetes\/evento\/dia-internacional-de-los-trabajadores\/","og_site_name":"Soluciones para la Diabetes","article_modified_time":"2025-02-11T10:46:11+00:00","og_image":[{"width":900,"height":600,"url":"http:\/\/www.solucionesparaladiabetes.com\/magazine-diabetes\/wp-content\/uploads\/Trabajo.jpg","type":"image\/jpeg"}],"twitter_card":"summary_large_image","twitter_site":"@soluciondiabete","twitter_misc":{"Tiempo de lectura":"1 minuto"},"schema":{"@context":"https:\/\/schema.org","@graph":[{"@type":"WebPage","@id":"https:\/\/www.solucionesparaladiabetes.com\/magazine-diabetes\/evento\/dia-internacional-de-los-trabajadores\/","url":"https:\/\/www.solucionesparaladiabetes.com\/magazine-diabetes\/evento\/dia-internacional-de-los-trabajadores\/","name":"D\u00eda internacional de los trabajadores - iMagazine - Soluciones para la Diabetes","isPartOf":{"@id":"https:\/\/www.solucionesparaladiabetes.com\/magazine-diabetes\/#website"},"primaryImageOfPage":{"@id":"https:\/\/www.solucionesparaladiabetes.com\/magazine-diabetes\/evento\/dia-internacional-de-los-trabajadores\/#primaryimage"},"image":{"@id":"https:\/\/www.solucionesparaladiabetes.com\/magazine-diabetes\/evento\/dia-internacional-de-los-trabajadores\/#primaryimage"},"thumbnailUrl":"https:\/\/www.solucionesparaladiabetes.com\/magazine-diabetes\/wp-content\/uploads\/Trabajo.jpg","datePublished":"2025-02-01T09:41:09+00:00","dateModified":"2025-02-11T10:46:11+00:00","description":"Cada a\u00f1o se celebra el d\u00eda primero de mayo el dia-internacional-de-los-trabajadores","breadcrumb":{"@id":"https:\/\/www.solucionesparaladiabetes.com\/magazine-diabetes\/evento\/dia-internacional-de-los-trabajadores\/#breadcrumb"},"inLanguage":"es","potentialAction":[{"@type":"ReadAction","target":["https:\/\/www.solucionesparaladiabetes.com\/magazine-diabetes\/evento\/dia-internacional-de-los-trabajadores\/"]}]},{"@type":"ImageObject","inLanguage":"es","@id":"https:\/\/www.solucionesparaladiabetes.com\/magazine-diabetes\/evento\/dia-internacional-de-los-trabajadores\/#primaryimage","url":"https:\/\/www.solucionesparaladiabetes.com\/magazine-diabetes\/wp-content\/uploads\/Trabajo.jpg","contentUrl":"https:\/\/www.solucionesparaladiabetes.com\/magazine-diabetes\/wp-content\/uploads\/Trabajo.jpg","width":900,"height":600,"caption":"Trabajador en lo alto de un edificio"},{"@type":"BreadcrumbList","@id":"https:\/\/www.solucionesparaladiabetes.com\/magazine-diabetes\/evento\/dia-internacional-de-los-trabajadores\/#breadcrumb","itemListElement":[{"@type":"ListItem","position":1,"name":"Portada","item":"https:\/\/www.solucionesparaladiabetes.com\/magazine-diabetes\/"},{"@type":"ListItem","position":2,"name":"Eventos","item":"https:\/\/www.solucionesparaladiabetes.com\/magazine-diabetes\/eventos\/"},{"@type":"ListItem","position":3,"name":"D\u00eda internacional de los trabajadores"}]},{"@type":"WebSite","@id":"https:\/\/www.solucionesparaladiabetes.com\/magazine-diabetes\/#website","url":"https:\/\/www.solucionesparaladiabetes.com\/magazine-diabetes\/","name":"Soluciones para la Diabetes","description":"iMagazine","potentialAction":[{"@type":"SearchAction","target":{"@type":"EntryPoint","urlTemplate":"https:\/\/www.solucionesparaladiabetes.com\/magazine-diabetes\/?s={search_term_string}"},"query-input":{"@type":"PropertyValueSpecification","valueRequired":true,"valueName":"search_term_string"}}],"inLanguage":"es"}]}},"_links":{"self":[{"href":"https:\/\/www.solucionesparaladiabetes.com\/magazine-diabetes\/wp-json\/wp\/v2\/tribe_events\/10306","targetHints":{"allow":["GET"]}}],"collection":[{"href":"https:\/\/www.solucionesparaladiabetes.com\/magazine-diabetes\/wp-json\/wp\/v2\/tribe_events"}],"about":[{"href":"https:\/\/www.solucionesparaladiabetes.com\/magazine-diabetes\/wp-json\/wp\/v2\/types\/tribe_events"}],"author":[{"embeddable":true,"href":"https:\/\/www.solucionesparaladiabetes.com\/magazine-diabetes\/wp-json\/wp\/v2\/users\/19"}],"version-history":[{"count":2,"href":"https:\/\/www.solucionesparaladiabetes.com\/magazine-diabetes\/wp-json\/wp\/v2\/tribe_events\/10306\/revisions"}],"predecessor-version":[{"id":10948,"href":"https:\/\/www.solucionesparaladiabetes.com\/magazine-diabetes\/wp-json\/wp\/v2\/tribe_events\/10306\/revisions\/10948"}],"wp:featuredmedia":[{"embeddable":true,"href":"https:\/\/www.solucionesparaladiabetes.com\/magazine-diabetes\/wp-json\/wp\/v2\/media\/10307"}],"wp:attachment":[{"href":"https:\/\/www.solucionesparaladiabetes.com\/magazine-diabetes\/wp-json\/wp\/v2\/media?parent=10306"}],"wp:term":[{"taxonomy":"post_tag","embeddable":true,"href":"https:\/\/www.solucionesparaladiabetes.com\/magazine-diabetes\/wp-json\/wp\/v2\/tags?post=10306"},{"taxonomy":"tribe_events_cat","embeddable":true,"href":"https:\/\/www.solucionesparaladiabetes.com\/magazine-diabetes\/wp-json\/wp\/v2\/tribe_events_cat?post=10306"}],"curies":[{"name":"wp","href":"https:\/\/api.w.org\/{rel}","templated":true}]}}

Día internacional de los trabajadores

<p>El Día Internacional de los Trabajadores, celebrado oficialmente en 80 países y extraoficialmente en muchos otros, fue instituido por el Congreso Obrero Socialista de la Segunda Internacional (París,1889) como homenaje a los <strong><a href="https://es.wikipedia.org/wiki/Revuelta_de_Haymarket" target="_blank" rel="noopener">Mártires de Chicago</a></strong> y como jornada reivindicativa de los derechos de los trabajadores.</p>

<p>El Día Internacional de los Trabajadores, celebrado oficialmente en 80 países y extraoficialmente en muchos otros, fue instituido por el Congreso Obrero Socialista de la Segunda Internacional (París,1889) como homenaje [&hellip;]</p>

<!-- This site is optimized with the Yoast SEO plugin v27.5 - https://yoast.com/product/yoast-seo-wordpress/ -->
<title>Día internacional de los trabajadores - iMagazine - Soluciones para la Diabetes</title>
<meta name="description" content="Cada año se celebra el día primero de mayo el dia-internacional-de-los-trabajadores" />
<meta name="robots" content="index, follow, max-snippet:-1, max-image-preview:large, max-video-preview:-1" />
<link rel="canonical" href="https://www.solucionesparaladiabetes.com/magazine-diabetes/evento/dia-internacional-de-los-trabajadores/" />
<meta property="og:locale" content="es_ES" />
<meta property="og:type" content="article" />
<meta property="og:title" content="Día internacional de los trabajadores - iMagazine - Soluciones para la Diabetes" />
<meta property="og:description" content="Cada año se celebra el día primero de mayo el dia-internacional-de-los-trabajadores" />
<meta property="og:url" content="https://www.solucionesparaladiabetes.com/magazine-diabetes/evento/dia-internacional-de-los-trabajadores/" />
<meta property="og:site_name" content="Soluciones para la Diabetes" />
<meta property="article:modified_time" content="2025-02-11T10:46:11+00:00" />
<meta property="og:image" content="http://www.solucionesparaladiabetes.com/magazine-diabetes/wp-content/uploads/Trabajo.jpg" />
	<meta property="og:image:width" content="900" />
	<meta property="og:image:height" content="600" />
	<meta property="og:image:type" content="image/jpeg" />
<meta name="twitter:card" content="summary_large_image" />
<meta name="twitter:site" content="@soluciondiabete" />
<meta name="twitter:label1" content="Tiempo de lectura" />
	<meta name="twitter:data1" content="1 minuto" />
<script type="application/ld+json" class="yoast-schema-graph">{"@context":"https:\/\/schema.org","@graph":[{"@type":"WebPage","@id":"https:\/\/www.solucionesparaladiabetes.com\/magazine-diabetes\/evento\/dia-internacional-de-los-trabajadores\/","url":"https:\/\/www.solucionesparaladiabetes.com\/magazine-diabetes\/evento\/dia-internacional-de-los-trabajadores\/","name":"Día internacional de los trabajadores - iMagazine - Soluciones para la Diabetes","isPartOf":{"@id":"https:\/\/www.solucionesparaladiabetes.com\/magazine-diabetes\/#website"},"primaryImageOfPage":{"@id":"https:\/\/www.solucionesparaladiabetes.com\/magazine-diabetes\/evento\/dia-internacional-de-los-trabajadores\/#primaryimage"},"image":{"@id":"https:\/\/www.solucionesparaladiabetes.com\/magazine-diabetes\/evento\/dia-internacional-de-los-trabajadores\/#primaryimage"},"thumbnailUrl":"https:\/\/www.solucionesparaladiabetes.com\/magazine-diabetes\/wp-content\/uploads\/Trabajo.jpg","datePublished":"2025-02-01T09:41:09+00:00","dateModified":"2025-02-11T10:46:11+00:00","description":"Cada año se celebra el día primero de mayo el dia-internacional-de-los-trabajadores","breadcrumb":{"@id":"https:\/\/www.solucionesparaladiabetes.com\/magazine-diabetes\/evento\/dia-internacional-de-los-trabajadores\/#breadcrumb"},"inLanguage":"es","potentialAction":[{"@type":"ReadAction","target":["https:\/\/www.solucionesparaladiabetes.com\/magazine-diabetes\/evento\/dia-internacional-de-los-trabajadores\/"]}]},{"@type":"ImageObject","inLanguage":"es","@id":"https:\/\/www.solucionesparaladiabetes.com\/magazine-diabetes\/evento\/dia-internacional-de-los-trabajadores\/#primaryimage","url":"https:\/\/www.solucionesparaladiabetes.com\/magazine-diabetes\/wp-content\/uploads\/Trabajo.jpg","contentUrl":"https:\/\/www.solucionesparaladiabetes.com\/magazine-diabetes\/wp-content\/uploads\/Trabajo.jpg","width":900,"height":600,"caption":"Trabajador en lo alto de un edificio"},{"@type":"BreadcrumbList","@id":"https:\/\/www.solucionesparaladiabetes.com\/magazine-diabetes\/evento\/dia-internacional-de-los-trabajadores\/#breadcrumb","itemListElement":[{"@type":"ListItem","position":1,"name":"Portada","item":"https:\/\/www.solucionesparaladiabetes.com\/magazine-diabetes\/"},{"@type":"ListItem","position":2,"name":"Eventos","item":"https:\/\/www.solucionesparaladiabetes.com\/magazine-diabetes\/eventos\/"},{"@type":"ListItem","position":3,"name":"Día internacional de los trabajadores"}]},{"@type":"WebSite","@id":"https:\/\/www.solucionesparaladiabetes.com\/magazine-diabetes\/#website","url":"https:\/\/www.solucionesparaladiabetes.com\/magazine-diabetes\/","name":"Soluciones para la Diabetes","description":"iMagazine","potentialAction":[{"@type":"SearchAction","target":{"@type":"EntryPoint","urlTemplate":"https:\/\/www.solucionesparaladiabetes.com\/magazine-diabetes\/?s={search_term_string}"},"query-input":{"@type":"PropertyValueSpecification","valueRequired":true,"valueName":"search_term_string"}}],"inLanguage":"es"}]}</script>
<!-- / Yoast SEO plugin. -->

Día internacional de los trabajadores - iMagazine - Soluciones para la Diabetes

Cada año se celebra el día primero de mayo el dia-internacional-de-los-trabajadores
