{"id":10303,"date":"2025-01-14T10:32:20","date_gmt":"2025-01-14T09:32:20","guid":{"rendered":"https:\/\/www.solucionesparaladiabetes.com\/magazine-diabetes\/?post_type=tribe_events&#038;p=10303"},"modified":"2025-08-02T10:09:49","modified_gmt":"2025-08-02T08:09:49","slug":"dia-internacional-del-libro","status":"publish","type":"tribe_events","link":"https:\/\/www.solucionesparaladiabetes.com\/magazine-diabetes\/evento\/dia-internacional-del-libro\/","title":{"rendered":"D\u00eda Internacional del libro \/ Sant Jordi"},"content":{"rendered":"<p>El 23 de abril de 1616 fallec\u00edan Cervantes, Shakespeare y Garcilaso de la Vega. Tambi\u00e9n en un 23 de abril nacieron otros reconocidos escritores como Maurice Druon, K. Laxness, Josep Pla o Manuel Mej\u00eda Vallejo.<\/p>\n<p>Este fue el motivo por el cual la UNESCO, escogi\u00f3 esta fecha simb\u00f3lica para la literatura universal, para rendir un homenaje al libro y sus autores.<\/p>\n<p>Alentando a todas las personas del mundo, a descubrir el placer de la lectura y a viajar a trav\u00e9s de las p\u00e1ginas de los libros, a otros lugares o \u00e9pocas.<\/p>\n<p>&nbsp;<\/p>\n","protected":false},"excerpt":{"rendered":"<p>El 23 de abril de 1616 fallec\u00edan Cervantes, Shakespeare y Garcilaso de la Vega. Tambi\u00e9n en un 23 de abril nacieron otros reconocidos escritores como Maurice Druon, K. Laxness, Josep [&hellip;]<\/p>\n","protected":false},"author":19,"featured_media":10304,"template":"","meta":{"_acf_changed":false,"_monsterinsights_skip_tracking":false,"_monsterinsights_sitenote_active":false,"_monsterinsights_sitenote_note":"","_monsterinsights_sitenote_category":0,"_tribe_events_status":"","_tribe_events_status_reason":"","footnotes":""},"tags":[1457],"tribe_events_cat":[94,96],"class_list":["post-10303","tribe_events","type-tribe_events","status-publish","has-post-thumbnail","hentry","tag-dias-festivos","tribe_events_cat-eventos","tribe_events_cat-eventos-destacados","cat_eventos","cat_eventos-destacados"],"acf":[],"yoast_head":"<!-- This site is optimized with the Yoast SEO plugin v27.5 - https:\/\/yoast.com\/product\/yoast-seo-wordpress\/ -->\n<title>D\u00eda Internacional del libro \/ Sant Jordi - iMagazine - Soluciones para la Diabetes<\/title>\n<meta name=\"robots\" content=\"index, follow, max-snippet:-1, max-image-preview:large, max-video-preview:-1\" \/>\n<link rel=\"canonical\" href=\"https:\/\/www.solucionesparaladiabetes.com\/magazine-diabetes\/evento\/dia-internacional-del-libro\/\" \/>\n<meta property=\"og:locale\" content=\"es_ES\" \/>\n<meta property=\"og:type\" content=\"article\" \/>\n<meta property=\"og:title\" content=\"D\u00eda Internacional del libro \/ Sant Jordi - iMagazine - Soluciones para la Diabetes\" \/>\n<meta property=\"og:description\" content=\"El 23 de abril de 1616 fallec\u00edan Cervantes, Shakespeare y Garcilaso de la Vega. Tambi\u00e9n en un 23 de abril nacieron otros reconocidos escritores como Maurice Druon, K. Laxness, Josep [&hellip;]\" \/>\n<meta property=\"og:url\" content=\"https:\/\/www.solucionesparaladiabetes.com\/magazine-diabetes\/evento\/dia-internacional-del-libro\/\" \/>\n<meta property=\"og:site_name\" content=\"Soluciones para la Diabetes\" \/>\n<meta property=\"article:modified_time\" content=\"2025-08-02T08:09:49+00:00\" \/>\n<meta property=\"og:image\" content=\"http:\/\/www.solucionesparaladiabetes.com\/magazine-diabetes\/wp-content\/uploads\/rose.jpg\" \/>\n\t<meta property=\"og:image:width\" content=\"640\" \/>\n\t<meta property=\"og:image:height\" content=\"395\" \/>\n\t<meta property=\"og:image:type\" content=\"image\/jpeg\" \/>\n<meta name=\"twitter:card\" content=\"summary_large_image\" \/>\n<meta name=\"twitter:site\" content=\"@soluciondiabete\" \/>\n<meta name=\"twitter:label1\" content=\"Tiempo de lectura\" \/>\n\t<meta name=\"twitter:data1\" content=\"1 minuto\" \/>\n<script type=\"application\/ld+json\" class=\"yoast-schema-graph\">{\"@context\":\"https:\\\/\\\/schema.org\",\"@graph\":[{\"@type\":\"WebPage\",\"@id\":\"https:\\\/\\\/www.solucionesparaladiabetes.com\\\/magazine-diabetes\\\/evento\\\/dia-internacional-del-libro\\\/\",\"url\":\"https:\\\/\\\/www.solucionesparaladiabetes.com\\\/magazine-diabetes\\\/evento\\\/dia-internacional-del-libro\\\/\",\"name\":\"D\u00eda Internacional del libro \\\/ Sant Jordi - iMagazine - Soluciones para la Diabetes\",\"isPartOf\":{\"@id\":\"https:\\\/\\\/www.solucionesparaladiabetes.com\\\/magazine-diabetes\\\/#website\"},\"primaryImageOfPage\":{\"@id\":\"https:\\\/\\\/www.solucionesparaladiabetes.com\\\/magazine-diabetes\\\/evento\\\/dia-internacional-del-libro\\\/#primaryimage\"},\"image\":{\"@id\":\"https:\\\/\\\/www.solucionesparaladiabetes.com\\\/magazine-diabetes\\\/evento\\\/dia-internacional-del-libro\\\/#primaryimage\"},\"thumbnailUrl\":\"https:\\\/\\\/www.solucionesparaladiabetes.com\\\/magazine-diabetes\\\/wp-content\\\/uploads\\\/rose.jpg\",\"datePublished\":\"2025-01-14T09:32:20+00:00\",\"dateModified\":\"2025-08-02T08:09:49+00:00\",\"breadcrumb\":{\"@id\":\"https:\\\/\\\/www.solucionesparaladiabetes.com\\\/magazine-diabetes\\\/evento\\\/dia-internacional-del-libro\\\/#breadcrumb\"},\"inLanguage\":\"es\",\"potentialAction\":[{\"@type\":\"ReadAction\",\"target\":[\"https:\\\/\\\/www.solucionesparaladiabetes.com\\\/magazine-diabetes\\\/evento\\\/dia-internacional-del-libro\\\/\"]}]},{\"@type\":\"ImageObject\",\"inLanguage\":\"es\",\"@id\":\"https:\\\/\\\/www.solucionesparaladiabetes.com\\\/magazine-diabetes\\\/evento\\\/dia-internacional-del-libro\\\/#primaryimage\",\"url\":\"https:\\\/\\\/www.solucionesparaladiabetes.com\\\/magazine-diabetes\\\/wp-content\\\/uploads\\\/rose.jpg\",\"contentUrl\":\"https:\\\/\\\/www.solucionesparaladiabetes.com\\\/magazine-diabetes\\\/wp-content\\\/uploads\\\/rose.jpg\",\"width\":640,\"height\":395,\"caption\":\"Libro y Rosa\"},{\"@type\":\"BreadcrumbList\",\"@id\":\"https:\\\/\\\/www.solucionesparaladiabetes.com\\\/magazine-diabetes\\\/evento\\\/dia-internacional-del-libro\\\/#breadcrumb\",\"itemListElement\":[{\"@type\":\"ListItem\",\"position\":1,\"name\":\"Portada\",\"item\":\"https:\\\/\\\/www.solucionesparaladiabetes.com\\\/magazine-diabetes\\\/\"},{\"@type\":\"ListItem\",\"position\":2,\"name\":\"Eventos\",\"item\":\"https:\\\/\\\/www.solucionesparaladiabetes.com\\\/magazine-diabetes\\\/eventos\\\/\"},{\"@type\":\"ListItem\",\"position\":3,\"name\":\"D\u00eda Internacional del libro \\\/ Sant Jordi\"}]},{\"@type\":\"WebSite\",\"@id\":\"https:\\\/\\\/www.solucionesparaladiabetes.com\\\/magazine-diabetes\\\/#website\",\"url\":\"https:\\\/\\\/www.solucionesparaladiabetes.com\\\/magazine-diabetes\\\/\",\"name\":\"Soluciones para la Diabetes\",\"description\":\"iMagazine\",\"potentialAction\":[{\"@type\":\"SearchAction\",\"target\":{\"@type\":\"EntryPoint\",\"urlTemplate\":\"https:\\\/\\\/www.solucionesparaladiabetes.com\\\/magazine-diabetes\\\/?s={search_term_string}\"},\"query-input\":{\"@type\":\"PropertyValueSpecification\",\"valueRequired\":true,\"valueName\":\"search_term_string\"}}],\"inLanguage\":\"es\"}]}<\/script>\n<!-- \/ Yoast SEO plugin. -->","yoast_head_json":{"title":"D\u00eda Internacional del libro \/ Sant Jordi - iMagazine - Soluciones para la Diabetes","robots":{"index":"index","follow":"follow","max-snippet":"max-snippet:-1","max-image-preview":"max-image-preview:large","max-video-preview":"max-video-preview:-1"},"canonical":"https:\/\/www.solucionesparaladiabetes.com\/magazine-diabetes\/evento\/dia-internacional-del-libro\/","og_locale":"es_ES","og_type":"article","og_title":"D\u00eda Internacional del libro \/ Sant Jordi - iMagazine - Soluciones para la Diabetes","og_description":"El 23 de abril de 1616 fallec\u00edan Cervantes, Shakespeare y Garcilaso de la Vega. Tambi\u00e9n en un 23 de abril nacieron otros reconocidos escritores como Maurice Druon, K. Laxness, Josep [&hellip;]","og_url":"https:\/\/www.solucionesparaladiabetes.com\/magazine-diabetes\/evento\/dia-internacional-del-libro\/","og_site_name":"Soluciones para la Diabetes","article_modified_time":"2025-08-02T08:09:49+00:00","og_image":[{"width":640,"height":395,"url":"http:\/\/www.solucionesparaladiabetes.com\/magazine-diabetes\/wp-content\/uploads\/rose.jpg","type":"image\/jpeg"}],"twitter_card":"summary_large_image","twitter_site":"@soluciondiabete","twitter_misc":{"Tiempo de lectura":"1 minuto"},"schema":{"@context":"https:\/\/schema.org","@graph":[{"@type":"WebPage","@id":"https:\/\/www.solucionesparaladiabetes.com\/magazine-diabetes\/evento\/dia-internacional-del-libro\/","url":"https:\/\/www.solucionesparaladiabetes.com\/magazine-diabetes\/evento\/dia-internacional-del-libro\/","name":"D\u00eda Internacional del libro \/ Sant Jordi - iMagazine - Soluciones para la Diabetes","isPartOf":{"@id":"https:\/\/www.solucionesparaladiabetes.com\/magazine-diabetes\/#website"},"primaryImageOfPage":{"@id":"https:\/\/www.solucionesparaladiabetes.com\/magazine-diabetes\/evento\/dia-internacional-del-libro\/#primaryimage"},"image":{"@id":"https:\/\/www.solucionesparaladiabetes.com\/magazine-diabetes\/evento\/dia-internacional-del-libro\/#primaryimage"},"thumbnailUrl":"https:\/\/www.solucionesparaladiabetes.com\/magazine-diabetes\/wp-content\/uploads\/rose.jpg","datePublished":"2025-01-14T09:32:20+00:00","dateModified":"2025-08-02T08:09:49+00:00","breadcrumb":{"@id":"https:\/\/www.solucionesparaladiabetes.com\/magazine-diabetes\/evento\/dia-internacional-del-libro\/#breadcrumb"},"inLanguage":"es","potentialAction":[{"@type":"ReadAction","target":["https:\/\/www.solucionesparaladiabetes.com\/magazine-diabetes\/evento\/dia-internacional-del-libro\/"]}]},{"@type":"ImageObject","inLanguage":"es","@id":"https:\/\/www.solucionesparaladiabetes.com\/magazine-diabetes\/evento\/dia-internacional-del-libro\/#primaryimage","url":"https:\/\/www.solucionesparaladiabetes.com\/magazine-diabetes\/wp-content\/uploads\/rose.jpg","contentUrl":"https:\/\/www.solucionesparaladiabetes.com\/magazine-diabetes\/wp-content\/uploads\/rose.jpg","width":640,"height":395,"caption":"Libro y Rosa"},{"@type":"BreadcrumbList","@id":"https:\/\/www.solucionesparaladiabetes.com\/magazine-diabetes\/evento\/dia-internacional-del-libro\/#breadcrumb","itemListElement":[{"@type":"ListItem","position":1,"name":"Portada","item":"https:\/\/www.solucionesparaladiabetes.com\/magazine-diabetes\/"},{"@type":"ListItem","position":2,"name":"Eventos","item":"https:\/\/www.solucionesparaladiabetes.com\/magazine-diabetes\/eventos\/"},{"@type":"ListItem","position":3,"name":"D\u00eda Internacional del libro \/ Sant Jordi"}]},{"@type":"WebSite","@id":"https:\/\/www.solucionesparaladiabetes.com\/magazine-diabetes\/#website","url":"https:\/\/www.solucionesparaladiabetes.com\/magazine-diabetes\/","name":"Soluciones para la Diabetes","description":"iMagazine","potentialAction":[{"@type":"SearchAction","target":{"@type":"EntryPoint","urlTemplate":"https:\/\/www.solucionesparaladiabetes.com\/magazine-diabetes\/?s={search_term_string}"},"query-input":{"@type":"PropertyValueSpecification","valueRequired":true,"valueName":"search_term_string"}}],"inLanguage":"es"}]}},"_links":{"self":[{"href":"https:\/\/www.solucionesparaladiabetes.com\/magazine-diabetes\/wp-json\/wp\/v2\/tribe_events\/10303","targetHints":{"allow":["GET"]}}],"collection":[{"href":"https:\/\/www.solucionesparaladiabetes.com\/magazine-diabetes\/wp-json\/wp\/v2\/tribe_events"}],"about":[{"href":"https:\/\/www.solucionesparaladiabetes.com\/magazine-diabetes\/wp-json\/wp\/v2\/types\/tribe_events"}],"author":[{"embeddable":true,"href":"https:\/\/www.solucionesparaladiabetes.com\/magazine-diabetes\/wp-json\/wp\/v2\/users\/19"}],"version-history":[{"count":6,"href":"https:\/\/www.solucionesparaladiabetes.com\/magazine-diabetes\/wp-json\/wp\/v2\/tribe_events\/10303\/revisions"}],"predecessor-version":[{"id":14359,"href":"https:\/\/www.solucionesparaladiabetes.com\/magazine-diabetes\/wp-json\/wp\/v2\/tribe_events\/10303\/revisions\/14359"}],"wp:featuredmedia":[{"embeddable":true,"href":"https:\/\/www.solucionesparaladiabetes.com\/magazine-diabetes\/wp-json\/wp\/v2\/media\/10304"}],"wp:attachment":[{"href":"https:\/\/www.solucionesparaladiabetes.com\/magazine-diabetes\/wp-json\/wp\/v2\/media?parent=10303"}],"wp:term":[{"taxonomy":"post_tag","embeddable":true,"href":"https:\/\/www.solucionesparaladiabetes.com\/magazine-diabetes\/wp-json\/wp\/v2\/tags?post=10303"},{"taxonomy":"tribe_events_cat","embeddable":true,"href":"https:\/\/www.solucionesparaladiabetes.com\/magazine-diabetes\/wp-json\/wp\/v2\/tribe_events_cat?post=10303"}],"curies":[{"name":"wp","href":"https:\/\/api.w.org\/{rel}","templated":true}]}}

Día Internacional del libro / Sant Jordi

<p>El 23 de abril de 1616 fallecían Cervantes, Shakespeare y Garcilaso de la Vega. También en un 23 de abril nacieron otros reconocidos escritores como Maurice Druon, K. Laxness, Josep Pla o Manuel Mejía Vallejo.</p>
<p>Este fue el motivo por el cual la UNESCO, escogió esta fecha simbólica para la literatura universal, para rendir un homenaje al libro y sus autores.</p>
<p>Alentando a todas las personas del mundo, a descubrir el placer de la lectura y a viajar a través de las páginas de los libros, a otros lugares o épocas.</p>
<p>&nbsp;</p>

<p>El 23 de abril de 1616 fallecían Cervantes, Shakespeare y Garcilaso de la Vega. También en un 23 de abril nacieron otros reconocidos escritores como Maurice Druon, K. Laxness, Josep [&hellip;]</p>

<!-- This site is optimized with the Yoast SEO plugin v27.5 - https://yoast.com/product/yoast-seo-wordpress/ -->
<title>Día Internacional del libro / Sant Jordi - iMagazine - Soluciones para la Diabetes</title>
<meta name="robots" content="index, follow, max-snippet:-1, max-image-preview:large, max-video-preview:-1" />
<link rel="canonical" href="https://www.solucionesparaladiabetes.com/magazine-diabetes/evento/dia-internacional-del-libro/" />
<meta property="og:locale" content="es_ES" />
<meta property="og:type" content="article" />
<meta property="og:title" content="Día Internacional del libro / Sant Jordi - iMagazine - Soluciones para la Diabetes" />
<meta property="og:description" content="El 23 de abril de 1616 fallecían Cervantes, Shakespeare y Garcilaso de la Vega. También en un 23 de abril nacieron otros reconocidos escritores como Maurice Druon, K. Laxness, Josep [&hellip;]" />
<meta property="og:url" content="https://www.solucionesparaladiabetes.com/magazine-diabetes/evento/dia-internacional-del-libro/" />
<meta property="og:site_name" content="Soluciones para la Diabetes" />
<meta property="article:modified_time" content="2025-08-02T08:09:49+00:00" />
<meta property="og:image" content="http://www.solucionesparaladiabetes.com/magazine-diabetes/wp-content/uploads/rose.jpg" />
	<meta property="og:image:width" content="640" />
	<meta property="og:image:height" content="395" />
	<meta property="og:image:type" content="image/jpeg" />
<meta name="twitter:card" content="summary_large_image" />
<meta name="twitter:site" content="@soluciondiabete" />
<meta name="twitter:label1" content="Tiempo de lectura" />
	<meta name="twitter:data1" content="1 minuto" />
<script type="application/ld+json" class="yoast-schema-graph">{"@context":"https:\/\/schema.org","@graph":[{"@type":"WebPage","@id":"https:\/\/www.solucionesparaladiabetes.com\/magazine-diabetes\/evento\/dia-internacional-del-libro\/","url":"https:\/\/www.solucionesparaladiabetes.com\/magazine-diabetes\/evento\/dia-internacional-del-libro\/","name":"Día Internacional del libro \/ Sant Jordi - iMagazine - Soluciones para la Diabetes","isPartOf":{"@id":"https:\/\/www.solucionesparaladiabetes.com\/magazine-diabetes\/#website"},"primaryImageOfPage":{"@id":"https:\/\/www.solucionesparaladiabetes.com\/magazine-diabetes\/evento\/dia-internacional-del-libro\/#primaryimage"},"image":{"@id":"https:\/\/www.solucionesparaladiabetes.com\/magazine-diabetes\/evento\/dia-internacional-del-libro\/#primaryimage"},"thumbnailUrl":"https:\/\/www.solucionesparaladiabetes.com\/magazine-diabetes\/wp-content\/uploads\/rose.jpg","datePublished":"2025-01-14T09:32:20+00:00","dateModified":"2025-08-02T08:09:49+00:00","breadcrumb":{"@id":"https:\/\/www.solucionesparaladiabetes.com\/magazine-diabetes\/evento\/dia-internacional-del-libro\/#breadcrumb"},"inLanguage":"es","potentialAction":[{"@type":"ReadAction","target":["https:\/\/www.solucionesparaladiabetes.com\/magazine-diabetes\/evento\/dia-internacional-del-libro\/"]}]},{"@type":"ImageObject","inLanguage":"es","@id":"https:\/\/www.solucionesparaladiabetes.com\/magazine-diabetes\/evento\/dia-internacional-del-libro\/#primaryimage","url":"https:\/\/www.solucionesparaladiabetes.com\/magazine-diabetes\/wp-content\/uploads\/rose.jpg","contentUrl":"https:\/\/www.solucionesparaladiabetes.com\/magazine-diabetes\/wp-content\/uploads\/rose.jpg","width":640,"height":395,"caption":"Libro y Rosa"},{"@type":"BreadcrumbList","@id":"https:\/\/www.solucionesparaladiabetes.com\/magazine-diabetes\/evento\/dia-internacional-del-libro\/#breadcrumb","itemListElement":[{"@type":"ListItem","position":1,"name":"Portada","item":"https:\/\/www.solucionesparaladiabetes.com\/magazine-diabetes\/"},{"@type":"ListItem","position":2,"name":"Eventos","item":"https:\/\/www.solucionesparaladiabetes.com\/magazine-diabetes\/eventos\/"},{"@type":"ListItem","position":3,"name":"Día Internacional del libro \/ Sant Jordi"}]},{"@type":"WebSite","@id":"https:\/\/www.solucionesparaladiabetes.com\/magazine-diabetes\/#website","url":"https:\/\/www.solucionesparaladiabetes.com\/magazine-diabetes\/","name":"Soluciones para la Diabetes","description":"iMagazine","potentialAction":[{"@type":"SearchAction","target":{"@type":"EntryPoint","urlTemplate":"https:\/\/www.solucionesparaladiabetes.com\/magazine-diabetes\/?s={search_term_string}"},"query-input":{"@type":"PropertyValueSpecification","valueRequired":true,"valueName":"search_term_string"}}],"inLanguage":"es"}]}</script>
<!-- / Yoast SEO plugin. -->

Día Internacional del libro / Sant Jordi - iMagazine - Soluciones para la Diabetes

El 23 de abril de 1616 fallecían Cervantes, Shakespeare y Garcilaso de la Vega. También en un 23 de abril nacieron otros reconocidos escritores como Maurice Druon, K. Laxness, Josep [&hellip;]
